{"id":7080,"date":"2023-04-19T11:57:07","date_gmt":"2023-04-19T09:57:07","guid":{"rendered":"https:\/\/heimathub.de\/?post_type=tribe_events&#038;p=7080"},"modified":"2023-04-19T12:10:27","modified_gmt":"2023-04-19T10:10:27","slug":"erinnerung-an-die-deportation-juedischer-buergerinnen-und-buerger","status":"publish","type":"tribe_events","link":"https:\/\/heimathub.de\/event\/erinnerung-an-die-deportation-juedischer-buergerinnen-und-buerger\/","title":{"rendered":"Erinnerung an die Deportation j\u00fcdischer B\u00fcrgerinnen und B\u00fcrger"},"content":{"rendered":"<p>Im Jahr 1941 begann im Deutschen Reich die systematische Deportation der j\u00fcdischen \u00a0Bev\u00f6lkerung. An dieses dunkle Kapitel der deutschen Geschichte erinnert u.a. \u00a0der \u201eDenkOrt Deportationen 1941 \u2013 1944\u201c vor dem Hauptbahnhof in W\u00fcrzburg. Er ist ein Ort der Erinnerung an \u00fcber 2000 j\u00fcdische Frauen, M\u00e4nner und Kinder aus Unterfranken, die vom NS-Staat in die\u00a0\u00a0Durchgangs- und Vernichtungslager verschleppt wurden. Am 24. September 2021 wurde an diesem Gedenkort ein von der K\u00fcnstlerin Karin G\u00fcnther aus Eschau erstelltes Gep\u00e4ckst\u00fcck aufgestellt.<\/p>\n<p>Aus Eschau wurden vier j\u00fcdische B\u00fcrgerinnen und B\u00fcrger deportiert. Mit einem in\u00a0Eschau aufgestellten Gep\u00e4ckst\u00fcck soll hieran erinnert werden.<\/p>\n<p>Im Rahmen einer Feierstunde, die am\u00a0<strong>Donnerstag, 27. April 2023 um 11.00 Uhr in der Elsavahalle Eschau<\/strong>, Rathausstr. 11 stattfindet, wird dieses Gep\u00e4ckst\u00fcck offiziell vorgestellt. Hierzu laden wir interessierte B\u00fcrgerinnen und B\u00fcrger herzlich ein.<\/p>\n<p>Anmeldung unter der Telefonnummer 09374 97350 bzw. per E-Mail: <a href=\"mailto:rathaus@eschau.de\">rathaus@eschau.de<\/a>.<\/p>\n<p>&nbsp;<\/p>\n","protected":false},"excerpt":{"rendered":"<p>Im Jahr 1941 begann im Deutschen Reich die systematische Deportation der j\u00fcdischen \u00a0Bev\u00f6lkerung. An dieses dunkle Kapitel der deutschen Geschichte erinnert u.a. \u00a0der \u201eDenkOrt Deportationen 1941 \u2013 1944\u201c vor dem [&hellip;]<\/p>\n","protected":false},"author":22,"featured_media":7081,"template":"","meta":{"_acf_changed":false,"_price":"","_stock":"","_tribe_ticket_header":"","_tribe_default_ticket_provider":"","_tribe_ticket_capacity":"0","_ticket_start_date":"","_ticket_end_date":"","_tribe_ticket_show_description":"","_tribe_ticket_show_not_going":false,"_tribe_ticket_use_global_stock":"","_tribe_ticket_global_stock_level":"","_global_stock_mode":"","_global_stock_cap":"","_tribe_rsvp_for_event":"","_tribe_ticket_going_count":"","_tribe_ticket_not_going_count":"","_tribe_tickets_list":"[]","_tribe_ticket_has_attendee_info_fields":false,"_tribe_events_status":"","_tribe_events_status_reason":"","footnotes":"","_tec_slr_enabled":"","_tec_slr_layout":""},"tags":[209,210,211,212,213,215,23],"tribe_events_cat":[181],"class_list":["post-7080","tribe_events","type-tribe_events","status-publish","has-post-thumbnail","hentry","tag-juedische-geschichte","tag-juden","tag-3-reich","tag-geschichte","tag-20-jahrhundert","tag-holocaust","tag-lokalgeschichte","tribe_events_cat-gedenkveranstaltung","cat_gedenkveranstaltung"],"acf":[],"yoast_head":"<!-- This site is optimized with the Yoast SEO plugin v27.5 - https:\/\/yoast.com\/product\/yoast-seo-wordpress\/ -->\n<title>Erinnerung an die Deportation j\u00fcdischer B\u00fcrgerinnen und B\u00fcrger - heimat:hub<\/title>\n<meta name=\"robots\" content=\"index, follow, max-snippet:-1, max-image-preview:large, max-video-preview:-1\" \/>\n<link rel=\"canonical\" href=\"https:\/\/heimathub.de\/event\/erinnerung-an-die-deportation-juedischer-buergerinnen-und-buerger\/\" \/>\n<meta property=\"og:locale\" content=\"de_DE\" \/>\n<meta property=\"og:type\" content=\"article\" \/>\n<meta property=\"og:title\" content=\"Erinnerung an die Deportation j\u00fcdischer B\u00fcrgerinnen und B\u00fcrger - heimat:hub\" \/>\n<meta property=\"og:description\" content=\"Im Jahr 1941 begann im Deutschen Reich die systematische Deportation der j\u00fcdischen \u00a0Bev\u00f6lkerung. An dieses dunkle Kapitel der deutschen Geschichte erinnert u.a. \u00a0der \u201eDenkOrt Deportationen 1941 \u2013 1944\u201c vor dem [&hellip;]\" \/>\n<meta property=\"og:url\" content=\"https:\/\/heimathub.de\/event\/erinnerung-an-die-deportation-juedischer-buergerinnen-und-buerger\/\" \/>\n<meta property=\"og:site_name\" content=\"heimat:hub\" \/>\n<meta property=\"article:modified_time\" content=\"2023-04-19T10:10:27+00:00\" \/>\n<meta property=\"og:image\" content=\"https:\/\/heimathub.de\/wp-content\/uploads\/2023\/04\/elsavahalle.jpg\" \/>\n\t<meta property=\"og:image:width\" content=\"1500\" \/>\n\t<meta property=\"og:image:height\" content=\"1329\" \/>\n\t<meta property=\"og:image:type\" content=\"image\/jpeg\" \/>\n<meta name=\"twitter:card\" content=\"summary_large_image\" \/>\n<meta name=\"twitter:label1\" content=\"Gesch\u00e4tzte Lesezeit\" \/>\n\t<meta name=\"twitter:data1\" content=\"1\u00a0Minute\" \/>\n<script type=\"application\/ld+json\" class=\"yoast-schema-graph\">{\"@context\":\"https:\\\/\\\/schema.org\",\"@graph\":[{\"@type\":\"WebPage\",\"@id\":\"https:\\\/\\\/heimathub.de\\\/event\\\/erinnerung-an-die-deportation-juedischer-buergerinnen-und-buerger\\\/\",\"url\":\"https:\\\/\\\/heimathub.de\\\/event\\\/erinnerung-an-die-deportation-juedischer-buergerinnen-und-buerger\\\/\",\"name\":\"Erinnerung an die Deportation j\u00fcdischer B\u00fcrgerinnen und B\u00fcrger - heimat:hub\",\"isPartOf\":{\"@id\":\"https:\\\/\\\/heimathub.de\\\/#website\"},\"primaryImageOfPage\":{\"@id\":\"https:\\\/\\\/heimathub.de\\\/event\\\/erinnerung-an-die-deportation-juedischer-buergerinnen-und-buerger\\\/#primaryimage\"},\"image\":{\"@id\":\"https:\\\/\\\/heimathub.de\\\/event\\\/erinnerung-an-die-deportation-juedischer-buergerinnen-und-buerger\\\/#primaryimage\"},\"thumbnailUrl\":\"https:\\\/\\\/heimathub.de\\\/wp-content\\\/uploads\\\/2023\\\/04\\\/elsavahalle.jpg\",\"datePublished\":\"2023-04-19T09:57:07+00:00\",\"dateModified\":\"2023-04-19T10:10:27+00:00\",\"breadcrumb\":{\"@id\":\"https:\\\/\\\/heimathub.de\\\/event\\\/erinnerung-an-die-deportation-juedischer-buergerinnen-und-buerger\\\/#breadcrumb\"},\"inLanguage\":\"de\",\"potentialAction\":[{\"@type\":\"ReadAction\",\"target\":[\"https:\\\/\\\/heimathub.de\\\/event\\\/erinnerung-an-die-deportation-juedischer-buergerinnen-und-buerger\\\/\"]}]},{\"@type\":\"ImageObject\",\"inLanguage\":\"de\",\"@id\":\"https:\\\/\\\/heimathub.de\\\/event\\\/erinnerung-an-die-deportation-juedischer-buergerinnen-und-buerger\\\/#primaryimage\",\"url\":\"https:\\\/\\\/heimathub.de\\\/wp-content\\\/uploads\\\/2023\\\/04\\\/elsavahalle.jpg\",\"contentUrl\":\"https:\\\/\\\/heimathub.de\\\/wp-content\\\/uploads\\\/2023\\\/04\\\/elsavahalle.jpg\",\"width\":1500,\"height\":1329,\"caption\":\"Elsavahalle Eschau\"},{\"@type\":\"BreadcrumbList\",\"@id\":\"https:\\\/\\\/heimathub.de\\\/event\\\/erinnerung-an-die-deportation-juedischer-buergerinnen-und-buerger\\\/#breadcrumb\",\"itemListElement\":[{\"@type\":\"ListItem\",\"position\":1,\"name\":\"Startseite\",\"item\":\"https:\\\/\\\/heimathub.de\\\/\"},{\"@type\":\"ListItem\",\"position\":2,\"name\":\"Veranstaltungen\",\"item\":\"https:\\\/\\\/heimathub.de\\\/events\\\/\"},{\"@type\":\"ListItem\",\"position\":3,\"name\":\"Erinnerung an die Deportation j\u00fcdischer B\u00fcrgerinnen und B\u00fcrger\"}]},{\"@type\":\"WebSite\",\"@id\":\"https:\\\/\\\/heimathub.de\\\/#website\",\"url\":\"https:\\\/\\\/heimathub.de\\\/\",\"name\":\"heimat:hub\",\"description\":\"\",\"potentialAction\":[{\"@type\":\"SearchAction\",\"target\":{\"@type\":\"EntryPoint\",\"urlTemplate\":\"https:\\\/\\\/heimathub.de\\\/?s={search_term_string}\"},\"query-input\":{\"@type\":\"PropertyValueSpecification\",\"valueRequired\":true,\"valueName\":\"search_term_string\"}}],\"inLanguage\":\"de\"}]}<\/script>\n<!-- \/ Yoast SEO plugin. -->","yoast_head_json":{"title":"Erinnerung an die Deportation j\u00fcdischer B\u00fcrgerinnen und B\u00fcrger - heimat:hub","robots":{"index":"index","follow":"follow","max-snippet":"max-snippet:-1","max-image-preview":"max-image-preview:large","max-video-preview":"max-video-preview:-1"},"canonical":"https:\/\/heimathub.de\/event\/erinnerung-an-die-deportation-juedischer-buergerinnen-und-buerger\/","og_locale":"de_DE","og_type":"article","og_title":"Erinnerung an die Deportation j\u00fcdischer B\u00fcrgerinnen und B\u00fcrger - heimat:hub","og_description":"Im Jahr 1941 begann im Deutschen Reich die systematische Deportation der j\u00fcdischen \u00a0Bev\u00f6lkerung. An dieses dunkle Kapitel der deutschen Geschichte erinnert u.a. \u00a0der \u201eDenkOrt Deportationen 1941 \u2013 1944\u201c vor dem [&hellip;]","og_url":"https:\/\/heimathub.de\/event\/erinnerung-an-die-deportation-juedischer-buergerinnen-und-buerger\/","og_site_name":"heimat:hub","article_modified_time":"2023-04-19T10:10:27+00:00","og_image":[{"width":1500,"height":1329,"url":"https:\/\/heimathub.de\/wp-content\/uploads\/2023\/04\/elsavahalle.jpg","type":"image\/jpeg"}],"twitter_card":"summary_large_image","twitter_misc":{"Gesch\u00e4tzte Lesezeit":"1\u00a0Minute"},"schema":{"@context":"https:\/\/schema.org","@graph":[{"@type":"WebPage","@id":"https:\/\/heimathub.de\/event\/erinnerung-an-die-deportation-juedischer-buergerinnen-und-buerger\/","url":"https:\/\/heimathub.de\/event\/erinnerung-an-die-deportation-juedischer-buergerinnen-und-buerger\/","name":"Erinnerung an die Deportation j\u00fcdischer B\u00fcrgerinnen und B\u00fcrger - heimat:hub","isPartOf":{"@id":"https:\/\/heimathub.de\/#website"},"primaryImageOfPage":{"@id":"https:\/\/heimathub.de\/event\/erinnerung-an-die-deportation-juedischer-buergerinnen-und-buerger\/#primaryimage"},"image":{"@id":"https:\/\/heimathub.de\/event\/erinnerung-an-die-deportation-juedischer-buergerinnen-und-buerger\/#primaryimage"},"thumbnailUrl":"https:\/\/heimathub.de\/wp-content\/uploads\/2023\/04\/elsavahalle.jpg","datePublished":"2023-04-19T09:57:07+00:00","dateModified":"2023-04-19T10:10:27+00:00","breadcrumb":{"@id":"https:\/\/heimathub.de\/event\/erinnerung-an-die-deportation-juedischer-buergerinnen-und-buerger\/#breadcrumb"},"inLanguage":"de","potentialAction":[{"@type":"ReadAction","target":["https:\/\/heimathub.de\/event\/erinnerung-an-die-deportation-juedischer-buergerinnen-und-buerger\/"]}]},{"@type":"ImageObject","inLanguage":"de","@id":"https:\/\/heimathub.de\/event\/erinnerung-an-die-deportation-juedischer-buergerinnen-und-buerger\/#primaryimage","url":"https:\/\/heimathub.de\/wp-content\/uploads\/2023\/04\/elsavahalle.jpg","contentUrl":"https:\/\/heimathub.de\/wp-content\/uploads\/2023\/04\/elsavahalle.jpg","width":1500,"height":1329,"caption":"Elsavahalle Eschau"},{"@type":"BreadcrumbList","@id":"https:\/\/heimathub.de\/event\/erinnerung-an-die-deportation-juedischer-buergerinnen-und-buerger\/#breadcrumb","itemListElement":[{"@type":"ListItem","position":1,"name":"Startseite","item":"https:\/\/heimathub.de\/"},{"@type":"ListItem","position":2,"name":"Veranstaltungen","item":"https:\/\/heimathub.de\/events\/"},{"@type":"ListItem","position":3,"name":"Erinnerung an die Deportation j\u00fcdischer B\u00fcrgerinnen und B\u00fcrger"}]},{"@type":"WebSite","@id":"https:\/\/heimathub.de\/#website","url":"https:\/\/heimathub.de\/","name":"heimat:hub","description":"","potentialAction":[{"@type":"SearchAction","target":{"@type":"EntryPoint","urlTemplate":"https:\/\/heimathub.de\/?s={search_term_string}"},"query-input":{"@type":"PropertyValueSpecification","valueRequired":true,"valueName":"search_term_string"}}],"inLanguage":"de"}]}},"ticketed":false,"_links":{"self":[{"href":"https:\/\/heimathub.de\/data\/wp\/v2\/tribe_events\/7080","targetHints":{"allow":["GET"]}}],"collection":[{"href":"https:\/\/heimathub.de\/data\/wp\/v2\/tribe_events"}],"about":[{"href":"https:\/\/heimathub.de\/data\/wp\/v2\/types\/tribe_events"}],"author":[{"embeddable":true,"href":"https:\/\/heimathub.de\/data\/wp\/v2\/users\/22"}],"version-history":[{"count":1,"href":"https:\/\/heimathub.de\/data\/wp\/v2\/tribe_events\/7080\/revisions"}],"predecessor-version":[{"id":7082,"href":"https:\/\/heimathub.de\/data\/wp\/v2\/tribe_events\/7080\/revisions\/7082"}],"wp:featuredmedia":[{"embeddable":true,"href":"https:\/\/heimathub.de\/data\/wp\/v2\/media\/7081"}],"wp:attachment":[{"href":"https:\/\/heimathub.de\/data\/wp\/v2\/media?parent=7080"}],"wp:term":[{"taxonomy":"post_tag","embeddable":true,"href":"https:\/\/heimathub.de\/data\/wp\/v2\/tags?post=7080"},{"taxonomy":"tribe_events_cat","embeddable":true,"href":"https:\/\/heimathub.de\/data\/wp\/v2\/tribe_events_cat?post=7080"}],"curies":[{"name":"wp","href":"https:\/\/api.w.org\/{rel}","templated":true}]}}

Erinnerung an die Deportation jüdischer Bürgerinnen und Bürger

<p>Im Jahr 1941 begann im Deutschen Reich die systematische Deportation der jüdischen  Bevölkerung. An dieses dunkle Kapitel der deutschen Geschichte erinnert u.a.  der „DenkOrt Deportationen 1941 – 1944“ vor dem Hauptbahnhof in Würzburg. Er ist ein Ort der Erinnerung an über 2000 jüdische Frauen, Männer und Kinder aus Unterfranken, die vom NS-Staat in die  Durchgangs- und Vernichtungslager verschleppt wurden. Am 24. September 2021 wurde an diesem Gedenkort ein von der Künstlerin Karin Günther aus Eschau erstelltes Gepäckstück aufgestellt.</p>
<p>Aus Eschau wurden vier jüdische Bürgerinnen und Bürger deportiert. Mit einem in Eschau aufgestellten Gepäckstück soll hieran erinnert werden.</p>
<p>Im Rahmen einer Feierstunde, die am <strong>Donnerstag, 27. April 2023 um 11.00 Uhr in der Elsavahalle Eschau</strong>, Rathausstr. 11 stattfindet, wird dieses Gepäckstück offiziell vorgestellt. Hierzu laden wir interessierte Bürgerinnen und Bürger herzlich ein.</p>
<p>Anmeldung unter der Telefonnummer 09374 97350 bzw. per E-Mail: <a href="mailto:rathaus@eschau.de">rathaus@eschau.de</a>.</p>
<p>&nbsp;</p>

<p>Im Jahr 1941 begann im Deutschen Reich die systematische Deportation der jüdischen  Bevölkerung. An dieses dunkle Kapitel der deutschen Geschichte erinnert u.a.  der „DenkOrt Deportationen 1941 – 1944“ vor dem [&hellip;]</p>

<!-- This site is optimized with the Yoast SEO plugin v27.5 - https://yoast.com/product/yoast-seo-wordpress/ -->
<title>Erinnerung an die Deportation jüdischer Bürgerinnen und Bürger - heimat:hub</title>
<meta name="robots" content="index, follow, max-snippet:-1, max-image-preview:large, max-video-preview:-1" />
<link rel="canonical" href="https://heimathub.de/event/erinnerung-an-die-deportation-juedischer-buergerinnen-und-buerger/" />
<meta property="og:locale" content="de_DE" />
<meta property="og:type" content="article" />
<meta property="og:title" content="Erinnerung an die Deportation jüdischer Bürgerinnen und Bürger - heimat:hub" />
<meta property="og:description" content="Im Jahr 1941 begann im Deutschen Reich die systematische Deportation der jüdischen  Bevölkerung. An dieses dunkle Kapitel der deutschen Geschichte erinnert u.a.  der „DenkOrt Deportationen 1941 – 1944“ vor dem [&hellip;]" />
<meta property="og:url" content="https://heimathub.de/event/erinnerung-an-die-deportation-juedischer-buergerinnen-und-buerger/" />
<meta property="og:site_name" content="heimat:hub" />
<meta property="article:modified_time" content="2023-04-19T10:10:27+00:00" />
<meta property="og:image" content="https://heimathub.de/wp-content/uploads/2023/04/elsavahalle.jpg" />
	<meta property="og:image:width" content="1500" />
	<meta property="og:image:height" content="1329" />
	<meta property="og:image:type" content="image/jpeg" />
<meta name="twitter:card" content="summary_large_image" />
<meta name="twitter:label1" content="Geschätzte Lesezeit" />
	<meta name="twitter:data1" content="1 Minute" />
<script type="application/ld+json" class="yoast-schema-graph">{"@context":"https:\/\/schema.org","@graph":[{"@type":"WebPage","@id":"https:\/\/heimathub.de\/event\/erinnerung-an-die-deportation-juedischer-buergerinnen-und-buerger\/","url":"https:\/\/heimathub.de\/event\/erinnerung-an-die-deportation-juedischer-buergerinnen-und-buerger\/","name":"Erinnerung an die Deportation jüdischer Bürgerinnen und Bürger - heimat:hub","isPartOf":{"@id":"https:\/\/heimathub.de\/#website"},"primaryImageOfPage":{"@id":"https:\/\/heimathub.de\/event\/erinnerung-an-die-deportation-juedischer-buergerinnen-und-buerger\/#primaryimage"},"image":{"@id":"https:\/\/heimathub.de\/event\/erinnerung-an-die-deportation-juedischer-buergerinnen-und-buerger\/#primaryimage"},"thumbnailUrl":"https:\/\/heimathub.de\/wp-content\/uploads\/2023\/04\/elsavahalle.jpg","datePublished":"2023-04-19T09:57:07+00:00","dateModified":"2023-04-19T10:10:27+00:00","breadcrumb":{"@id":"https:\/\/heimathub.de\/event\/erinnerung-an-die-deportation-juedischer-buergerinnen-und-buerger\/#breadcrumb"},"inLanguage":"de","potentialAction":[{"@type":"ReadAction","target":["https:\/\/heimathub.de\/event\/erinnerung-an-die-deportation-juedischer-buergerinnen-und-buerger\/"]}]},{"@type":"ImageObject","inLanguage":"de","@id":"https:\/\/heimathub.de\/event\/erinnerung-an-die-deportation-juedischer-buergerinnen-und-buerger\/#primaryimage","url":"https:\/\/heimathub.de\/wp-content\/uploads\/2023\/04\/elsavahalle.jpg","contentUrl":"https:\/\/heimathub.de\/wp-content\/uploads\/2023\/04\/elsavahalle.jpg","width":1500,"height":1329,"caption":"Elsavahalle Eschau"},{"@type":"BreadcrumbList","@id":"https:\/\/heimathub.de\/event\/erinnerung-an-die-deportation-juedischer-buergerinnen-und-buerger\/#breadcrumb","itemListElement":[{"@type":"ListItem","position":1,"name":"Startseite","item":"https:\/\/heimathub.de\/"},{"@type":"ListItem","position":2,"name":"Veranstaltungen","item":"https:\/\/heimathub.de\/events\/"},{"@type":"ListItem","position":3,"name":"Erinnerung an die Deportation jüdischer Bürgerinnen und Bürger"}]},{"@type":"WebSite","@id":"https:\/\/heimathub.de\/#website","url":"https:\/\/heimathub.de\/","name":"heimat:hub","description":"","potentialAction":[{"@type":"SearchAction","target":{"@type":"EntryPoint","urlTemplate":"https:\/\/heimathub.de\/?s={search_term_string}"},"query-input":{"@type":"PropertyValueSpecification","valueRequired":true,"valueName":"search_term_string"}}],"inLanguage":"de"}]}</script>
<!-- / Yoast SEO plugin. -->

Erinnerung an die Deportation jüdischer Bürgerinnen und Bürger - heimat:hub

Im Jahr 1941 begann im Deutschen Reich die systematische Deportation der jüdischen  Bevölkerung. An dieses dunkle Kapitel der deutschen Geschichte erinnert u.a.  der „DenkOrt Deportationen 1941 – 1944“ vor dem [&hellip;]
