{"id":6864,"date":"2023-03-24T10:21:15","date_gmt":"2023-03-24T09:21:15","guid":{"rendered":"https:\/\/heimathub.de\/?post_type=tribe_events&#038;p=6864"},"modified":"2023-03-24T10:30:35","modified_gmt":"2023-03-24T09:30:35","slug":"14-symposium-zur-burgenforschung-in-spessart-und-odenwald-2","status":"publish","type":"tribe_events","link":"https:\/\/heimathub.de\/event\/14-symposium-zur-burgenforschung-in-spessart-und-odenwald-2\/","title":{"rendered":"14. SYMPOSIUM ZUR BURGENFORSCHUNG IN SPESSART UND ODENWALD"},"content":{"rendered":"<p><b>Mit einem Bein im Grab &#8211; Tod und Sterben als Forschungsfeld der Arch\u00e4ologie<\/b><\/p>\n<p>Das Thema \u201eTod und Sterben\u201c betrifft jeden Menschen pers\u00f6nlich und \u00fcbt seit jeher eine Faszination auf die Lebenden aus. Eine Mischung aus Interesse und Furcht kennzeichnet unseren Umgang mit dieser Materie und endet h\u00e4ufig im Verdr\u00e4ngen. Vor noch nicht allzu langer Zeit wurde dies v\u00f6llig anders gehandhabt.<\/p>\n<p>F\u00fcr die arch\u00e4ologische Forschung ist die Besch\u00e4ftigung mit der Thematik unerl\u00e4sslich: Die wissenschaftliche Auswertung von Bestattungen \u00fcber alle Zeiten hinweg z\u00e4hlt zu ihren traditionellen Forschungsschwerpunkten. Wer sich mit der Vergangenheit des Menschen auseinandersetzt, kommt an seinen sterblichen \u00dcberresten und am Totenbrauchtum nicht vorbei.<\/p>\n<p>Die arch\u00e4ologische Forschung des <strong>Arch\u00e4ologischen Spessartprojekts<\/strong> e.V. \u2013 Unterfr\u00e4nkisches Institut f\u00fcr Kulturlandschaftsforschung an der Universit\u00e4t W\u00fcrzburg hat sich dieses Themas mehrfach angenommen. Impulsgebend war die Aufdeckung des Friedhofs im Priorat von Elisabethenzell bei Rieneck, bei der insgesamt 52 Individuen ergraben werden konnten. Mehrere von ihnen wurden anthropologisch analysiert. Den Ansto\u00df f\u00fcr die Themenfindung des diesj\u00e4hrigen <strong>Symposiums zur Burgenforschung im Spessart<\/strong> gab ein weiterer von uns untersuchter Begr\u00e4bnisplatz auf dem Gotthardsberg zwischen Amorbach und Weilbach.<\/p>\n","protected":false},"excerpt":{"rendered":"<p>Mit einem Bein im Grab &#8211; Tod und Sterben als Forschungsfeld der Arch\u00e4ologie Das Thema \u201eTod und Sterben\u201c betrifft jeden Menschen pers\u00f6nlich und \u00fcbt seit jeher eine Faszination auf die [&hellip;]<\/p>\n","protected":false},"author":5,"featured_media":6860,"template":"","meta":{"_acf_changed":false,"_price":"","_stock":"","_tribe_ticket_header":"","_tribe_default_ticket_provider":"","_tribe_ticket_capacity":"0","_ticket_start_date":"","_ticket_end_date":"","_tribe_ticket_show_description":"","_tribe_ticket_show_not_going":false,"_tribe_ticket_use_global_stock":"","_tribe_ticket_global_stock_level":"","_global_stock_mode":"","_global_stock_cap":"","_tribe_rsvp_for_event":"","_tribe_ticket_going_count":"","_tribe_ticket_not_going_count":"","_tribe_tickets_list":"[]","_tribe_ticket_has_attendee_info_fields":false,"_tribe_events_status":"","_tribe_events_status_reason":"","footnotes":"","_tec_slr_enabled":"","_tec_slr_layout":""},"tags":[],"tribe_events_cat":[12],"class_list":["post-6864","tribe_events","type-tribe_events","status-publish","has-post-thumbnail","hentry","tribe_events_cat-vortrag","cat_vortrag"],"acf":[],"yoast_head":"<!-- This site is optimized with the Yoast SEO plugin v27.5 - https:\/\/yoast.com\/product\/yoast-seo-wordpress\/ -->\n<title>14. SYMPOSIUM ZUR BURGENFORSCHUNG IN SPESSART UND ODENWALD - heimat:hub<\/title>\n<meta name=\"robots\" content=\"index, follow, max-snippet:-1, max-image-preview:large, max-video-preview:-1\" \/>\n<link rel=\"canonical\" href=\"https:\/\/heimathub.de\/event\/14-symposium-zur-burgenforschung-in-spessart-und-odenwald-2\/\" \/>\n<meta property=\"og:locale\" content=\"de_DE\" \/>\n<meta property=\"og:type\" content=\"article\" \/>\n<meta property=\"og:title\" content=\"14. SYMPOSIUM ZUR BURGENFORSCHUNG IN SPESSART UND ODENWALD - heimat:hub\" \/>\n<meta property=\"og:description\" content=\"Mit einem Bein im Grab &#8211; Tod und Sterben als Forschungsfeld der Arch\u00e4ologie Das Thema \u201eTod und Sterben\u201c betrifft jeden Menschen pers\u00f6nlich und \u00fcbt seit jeher eine Faszination auf die [&hellip;]\" \/>\n<meta property=\"og:url\" content=\"https:\/\/heimathub.de\/event\/14-symposium-zur-burgenforschung-in-spessart-und-odenwald-2\/\" \/>\n<meta property=\"og:site_name\" content=\"heimat:hub\" \/>\n<meta property=\"article:modified_time\" content=\"2023-03-24T09:30:35+00:00\" \/>\n<meta property=\"og:image\" content=\"https:\/\/heimathub.de\/wp-content\/uploads\/2023\/03\/Spessart-Projekt-ASP-2.jpg\" \/>\n\t<meta property=\"og:image:width\" content=\"2000\" \/>\n\t<meta property=\"og:image:height\" content=\"2029\" \/>\n\t<meta property=\"og:image:type\" content=\"image\/jpeg\" \/>\n<meta name=\"twitter:card\" content=\"summary_large_image\" \/>\n<meta name=\"twitter:label1\" content=\"Gesch\u00e4tzte Lesezeit\" \/>\n\t<meta name=\"twitter:data1\" content=\"1\u00a0Minute\" \/>\n<script type=\"application\/ld+json\" class=\"yoast-schema-graph\">{\"@context\":\"https:\\\/\\\/schema.org\",\"@graph\":[{\"@type\":\"WebPage\",\"@id\":\"https:\\\/\\\/heimathub.de\\\/event\\\/14-symposium-zur-burgenforschung-in-spessart-und-odenwald-2\\\/\",\"url\":\"https:\\\/\\\/heimathub.de\\\/event\\\/14-symposium-zur-burgenforschung-in-spessart-und-odenwald-2\\\/\",\"name\":\"14. SYMPOSIUM ZUR BURGENFORSCHUNG IN SPESSART UND ODENWALD - heimat:hub\",\"isPartOf\":{\"@id\":\"https:\\\/\\\/heimathub.de\\\/#website\"},\"primaryImageOfPage\":{\"@id\":\"https:\\\/\\\/heimathub.de\\\/event\\\/14-symposium-zur-burgenforschung-in-spessart-und-odenwald-2\\\/#primaryimage\"},\"image\":{\"@id\":\"https:\\\/\\\/heimathub.de\\\/event\\\/14-symposium-zur-burgenforschung-in-spessart-und-odenwald-2\\\/#primaryimage\"},\"thumbnailUrl\":\"https:\\\/\\\/heimathub.de\\\/wp-content\\\/uploads\\\/2023\\\/03\\\/Spessart-Projekt-ASP-2.jpg\",\"datePublished\":\"2023-03-24T09:21:15+00:00\",\"dateModified\":\"2023-03-24T09:30:35+00:00\",\"breadcrumb\":{\"@id\":\"https:\\\/\\\/heimathub.de\\\/event\\\/14-symposium-zur-burgenforschung-in-spessart-und-odenwald-2\\\/#breadcrumb\"},\"inLanguage\":\"de\",\"potentialAction\":[{\"@type\":\"ReadAction\",\"target\":[\"https:\\\/\\\/heimathub.de\\\/event\\\/14-symposium-zur-burgenforschung-in-spessart-und-odenwald-2\\\/\"]}]},{\"@type\":\"ImageObject\",\"inLanguage\":\"de\",\"@id\":\"https:\\\/\\\/heimathub.de\\\/event\\\/14-symposium-zur-burgenforschung-in-spessart-und-odenwald-2\\\/#primaryimage\",\"url\":\"https:\\\/\\\/heimathub.de\\\/wp-content\\\/uploads\\\/2023\\\/03\\\/Spessart-Projekt-ASP-2.jpg\",\"contentUrl\":\"https:\\\/\\\/heimathub.de\\\/wp-content\\\/uploads\\\/2023\\\/03\\\/Spessart-Projekt-ASP-2.jpg\",\"width\":2000,\"height\":2029},{\"@type\":\"BreadcrumbList\",\"@id\":\"https:\\\/\\\/heimathub.de\\\/event\\\/14-symposium-zur-burgenforschung-in-spessart-und-odenwald-2\\\/#breadcrumb\",\"itemListElement\":[{\"@type\":\"ListItem\",\"position\":1,\"name\":\"Startseite\",\"item\":\"https:\\\/\\\/heimathub.de\\\/\"},{\"@type\":\"ListItem\",\"position\":2,\"name\":\"Veranstaltungen\",\"item\":\"https:\\\/\\\/heimathub.de\\\/events\\\/\"},{\"@type\":\"ListItem\",\"position\":3,\"name\":\"14. SYMPOSIUM ZUR BURGENFORSCHUNG IN SPESSART UND ODENWALD\"}]},{\"@type\":\"WebSite\",\"@id\":\"https:\\\/\\\/heimathub.de\\\/#website\",\"url\":\"https:\\\/\\\/heimathub.de\\\/\",\"name\":\"heimat:hub\",\"description\":\"\",\"potentialAction\":[{\"@type\":\"SearchAction\",\"target\":{\"@type\":\"EntryPoint\",\"urlTemplate\":\"https:\\\/\\\/heimathub.de\\\/?s={search_term_string}\"},\"query-input\":{\"@type\":\"PropertyValueSpecification\",\"valueRequired\":true,\"valueName\":\"search_term_string\"}}],\"inLanguage\":\"de\"}]}<\/script>\n<!-- \/ Yoast SEO plugin. -->","yoast_head_json":{"title":"14. SYMPOSIUM ZUR BURGENFORSCHUNG IN SPESSART UND ODENWALD - heimat:hub","robots":{"index":"index","follow":"follow","max-snippet":"max-snippet:-1","max-image-preview":"max-image-preview:large","max-video-preview":"max-video-preview:-1"},"canonical":"https:\/\/heimathub.de\/event\/14-symposium-zur-burgenforschung-in-spessart-und-odenwald-2\/","og_locale":"de_DE","og_type":"article","og_title":"14. SYMPOSIUM ZUR BURGENFORSCHUNG IN SPESSART UND ODENWALD - heimat:hub","og_description":"Mit einem Bein im Grab &#8211; Tod und Sterben als Forschungsfeld der Arch\u00e4ologie Das Thema \u201eTod und Sterben\u201c betrifft jeden Menschen pers\u00f6nlich und \u00fcbt seit jeher eine Faszination auf die [&hellip;]","og_url":"https:\/\/heimathub.de\/event\/14-symposium-zur-burgenforschung-in-spessart-und-odenwald-2\/","og_site_name":"heimat:hub","article_modified_time":"2023-03-24T09:30:35+00:00","og_image":[{"width":2000,"height":2029,"url":"https:\/\/heimathub.de\/wp-content\/uploads\/2023\/03\/Spessart-Projekt-ASP-2.jpg","type":"image\/jpeg"}],"twitter_card":"summary_large_image","twitter_misc":{"Gesch\u00e4tzte Lesezeit":"1\u00a0Minute"},"schema":{"@context":"https:\/\/schema.org","@graph":[{"@type":"WebPage","@id":"https:\/\/heimathub.de\/event\/14-symposium-zur-burgenforschung-in-spessart-und-odenwald-2\/","url":"https:\/\/heimathub.de\/event\/14-symposium-zur-burgenforschung-in-spessart-und-odenwald-2\/","name":"14. SYMPOSIUM ZUR BURGENFORSCHUNG IN SPESSART UND ODENWALD - heimat:hub","isPartOf":{"@id":"https:\/\/heimathub.de\/#website"},"primaryImageOfPage":{"@id":"https:\/\/heimathub.de\/event\/14-symposium-zur-burgenforschung-in-spessart-und-odenwald-2\/#primaryimage"},"image":{"@id":"https:\/\/heimathub.de\/event\/14-symposium-zur-burgenforschung-in-spessart-und-odenwald-2\/#primaryimage"},"thumbnailUrl":"https:\/\/heimathub.de\/wp-content\/uploads\/2023\/03\/Spessart-Projekt-ASP-2.jpg","datePublished":"2023-03-24T09:21:15+00:00","dateModified":"2023-03-24T09:30:35+00:00","breadcrumb":{"@id":"https:\/\/heimathub.de\/event\/14-symposium-zur-burgenforschung-in-spessart-und-odenwald-2\/#breadcrumb"},"inLanguage":"de","potentialAction":[{"@type":"ReadAction","target":["https:\/\/heimathub.de\/event\/14-symposium-zur-burgenforschung-in-spessart-und-odenwald-2\/"]}]},{"@type":"ImageObject","inLanguage":"de","@id":"https:\/\/heimathub.de\/event\/14-symposium-zur-burgenforschung-in-spessart-und-odenwald-2\/#primaryimage","url":"https:\/\/heimathub.de\/wp-content\/uploads\/2023\/03\/Spessart-Projekt-ASP-2.jpg","contentUrl":"https:\/\/heimathub.de\/wp-content\/uploads\/2023\/03\/Spessart-Projekt-ASP-2.jpg","width":2000,"height":2029},{"@type":"BreadcrumbList","@id":"https:\/\/heimathub.de\/event\/14-symposium-zur-burgenforschung-in-spessart-und-odenwald-2\/#breadcrumb","itemListElement":[{"@type":"ListItem","position":1,"name":"Startseite","item":"https:\/\/heimathub.de\/"},{"@type":"ListItem","position":2,"name":"Veranstaltungen","item":"https:\/\/heimathub.de\/events\/"},{"@type":"ListItem","position":3,"name":"14. SYMPOSIUM ZUR BURGENFORSCHUNG IN SPESSART UND ODENWALD"}]},{"@type":"WebSite","@id":"https:\/\/heimathub.de\/#website","url":"https:\/\/heimathub.de\/","name":"heimat:hub","description":"","potentialAction":[{"@type":"SearchAction","target":{"@type":"EntryPoint","urlTemplate":"https:\/\/heimathub.de\/?s={search_term_string}"},"query-input":{"@type":"PropertyValueSpecification","valueRequired":true,"valueName":"search_term_string"}}],"inLanguage":"de"}]}},"ticketed":false,"_links":{"self":[{"href":"https:\/\/heimathub.de\/data\/wp\/v2\/tribe_events\/6864","targetHints":{"allow":["GET"]}}],"collection":[{"href":"https:\/\/heimathub.de\/data\/wp\/v2\/tribe_events"}],"about":[{"href":"https:\/\/heimathub.de\/data\/wp\/v2\/types\/tribe_events"}],"author":[{"embeddable":true,"href":"https:\/\/heimathub.de\/data\/wp\/v2\/users\/5"}],"version-history":[{"count":2,"href":"https:\/\/heimathub.de\/data\/wp\/v2\/tribe_events\/6864\/revisions"}],"predecessor-version":[{"id":6868,"href":"https:\/\/heimathub.de\/data\/wp\/v2\/tribe_events\/6864\/revisions\/6868"}],"wp:featuredmedia":[{"embeddable":true,"href":"https:\/\/heimathub.de\/data\/wp\/v2\/media\/6860"}],"wp:attachment":[{"href":"https:\/\/heimathub.de\/data\/wp\/v2\/media?parent=6864"}],"wp:term":[{"taxonomy":"post_tag","embeddable":true,"href":"https:\/\/heimathub.de\/data\/wp\/v2\/tags?post=6864"},{"taxonomy":"tribe_events_cat","embeddable":true,"href":"https:\/\/heimathub.de\/data\/wp\/v2\/tribe_events_cat?post=6864"}],"curies":[{"name":"wp","href":"https:\/\/api.w.org\/{rel}","templated":true}]}}

<p><b>Mit einem Bein im Grab &#8211; Tod und Sterben als Forschungsfeld der Archäologie</b></p>
<p>Das Thema „Tod und Sterben“ betrifft jeden Menschen persönlich und übt seit jeher eine Faszination auf die Lebenden aus. Eine Mischung aus Interesse und Furcht kennzeichnet unseren Umgang mit dieser Materie und endet häufig im Verdrängen. Vor noch nicht allzu langer Zeit wurde dies völlig anders gehandhabt.</p>
<p>Für die archäologische Forschung ist die Beschäftigung mit der Thematik unerlässlich: Die wissenschaftliche Auswertung von Bestattungen über alle Zeiten hinweg zählt zu ihren traditionellen Forschungsschwerpunkten. Wer sich mit der Vergangenheit des Menschen auseinandersetzt, kommt an seinen sterblichen Überresten und am Totenbrauchtum nicht vorbei.</p>
<p>Die archäologische Forschung des <strong>Archäologischen Spessartprojekts</strong> e.V. – Unterfränkisches Institut für Kulturlandschaftsforschung an der Universität Würzburg hat sich dieses Themas mehrfach angenommen. Impulsgebend war die Aufdeckung des Friedhofs im Priorat von Elisabethenzell bei Rieneck, bei der insgesamt 52 Individuen ergraben werden konnten. Mehrere von ihnen wurden anthropologisch analysiert. Den Anstoß für die Themenfindung des diesjährigen <strong>Symposiums zur Burgenforschung im Spessart</strong> gab ein weiterer von uns untersuchter Begräbnisplatz auf dem Gotthardsberg zwischen Amorbach und Weilbach.</p>

<p>Mit einem Bein im Grab &#8211; Tod und Sterben als Forschungsfeld der Archäologie Das Thema „Tod und Sterben“ betrifft jeden Menschen persönlich und übt seit jeher eine Faszination auf die [&hellip;]</p>

<!-- This site is optimized with the Yoast SEO plugin v27.5 - https://yoast.com/product/yoast-seo-wordpress/ -->
<title>14. SYMPOSIUM ZUR BURGENFORSCHUNG IN SPESSART UND ODENWALD - heimat:hub</title>
<meta name="robots" content="index, follow, max-snippet:-1, max-image-preview:large, max-video-preview:-1" />
<link rel="canonical" href="https://heimathub.de/event/14-symposium-zur-burgenforschung-in-spessart-und-odenwald-2/" />
<meta property="og:locale" content="de_DE" />
<meta property="og:type" content="article" />
<meta property="og:title" content="14. SYMPOSIUM ZUR BURGENFORSCHUNG IN SPESSART UND ODENWALD - heimat:hub" />
<meta property="og:description" content="Mit einem Bein im Grab &#8211; Tod und Sterben als Forschungsfeld der Archäologie Das Thema „Tod und Sterben“ betrifft jeden Menschen persönlich und übt seit jeher eine Faszination auf die [&hellip;]" />
<meta property="og:url" content="https://heimathub.de/event/14-symposium-zur-burgenforschung-in-spessart-und-odenwald-2/" />
<meta property="og:site_name" content="heimat:hub" />
<meta property="article:modified_time" content="2023-03-24T09:30:35+00:00" />
<meta property="og:image" content="https://heimathub.de/wp-content/uploads/2023/03/Spessart-Projekt-ASP-2.jpg" />
	<meta property="og:image:width" content="2000" />
	<meta property="og:image:height" content="2029" />
	<meta property="og:image:type" content="image/jpeg" />
<meta name="twitter:card" content="summary_large_image" />
<meta name="twitter:label1" content="Geschätzte Lesezeit" />
	<meta name="twitter:data1" content="1 Minute" />
<script type="application/ld+json" class="yoast-schema-graph">{"@context":"https:\/\/schema.org","@graph":[{"@type":"WebPage","@id":"https:\/\/heimathub.de\/event\/14-symposium-zur-burgenforschung-in-spessart-und-odenwald-2\/","url":"https:\/\/heimathub.de\/event\/14-symposium-zur-burgenforschung-in-spessart-und-odenwald-2\/","name":"14. SYMPOSIUM ZUR BURGENFORSCHUNG IN SPESSART UND ODENWALD - heimat:hub","isPartOf":{"@id":"https:\/\/heimathub.de\/#website"},"primaryImageOfPage":{"@id":"https:\/\/heimathub.de\/event\/14-symposium-zur-burgenforschung-in-spessart-und-odenwald-2\/#primaryimage"},"image":{"@id":"https:\/\/heimathub.de\/event\/14-symposium-zur-burgenforschung-in-spessart-und-odenwald-2\/#primaryimage"},"thumbnailUrl":"https:\/\/heimathub.de\/wp-content\/uploads\/2023\/03\/Spessart-Projekt-ASP-2.jpg","datePublished":"2023-03-24T09:21:15+00:00","dateModified":"2023-03-24T09:30:35+00:00","breadcrumb":{"@id":"https:\/\/heimathub.de\/event\/14-symposium-zur-burgenforschung-in-spessart-und-odenwald-2\/#breadcrumb"},"inLanguage":"de","potentialAction":[{"@type":"ReadAction","target":["https:\/\/heimathub.de\/event\/14-symposium-zur-burgenforschung-in-spessart-und-odenwald-2\/"]}]},{"@type":"ImageObject","inLanguage":"de","@id":"https:\/\/heimathub.de\/event\/14-symposium-zur-burgenforschung-in-spessart-und-odenwald-2\/#primaryimage","url":"https:\/\/heimathub.de\/wp-content\/uploads\/2023\/03\/Spessart-Projekt-ASP-2.jpg","contentUrl":"https:\/\/heimathub.de\/wp-content\/uploads\/2023\/03\/Spessart-Projekt-ASP-2.jpg","width":2000,"height":2029},{"@type":"BreadcrumbList","@id":"https:\/\/heimathub.de\/event\/14-symposium-zur-burgenforschung-in-spessart-und-odenwald-2\/#breadcrumb","itemListElement":[{"@type":"ListItem","position":1,"name":"Startseite","item":"https:\/\/heimathub.de\/"},{"@type":"ListItem","position":2,"name":"Veranstaltungen","item":"https:\/\/heimathub.de\/events\/"},{"@type":"ListItem","position":3,"name":"14. SYMPOSIUM ZUR BURGENFORSCHUNG IN SPESSART UND ODENWALD"}]},{"@type":"WebSite","@id":"https:\/\/heimathub.de\/#website","url":"https:\/\/heimathub.de\/","name":"heimat:hub","description":"","potentialAction":[{"@type":"SearchAction","target":{"@type":"EntryPoint","urlTemplate":"https:\/\/heimathub.de\/?s={search_term_string}"},"query-input":{"@type":"PropertyValueSpecification","valueRequired":true,"valueName":"search_term_string"}}],"inLanguage":"de"}]}</script>
<!-- / Yoast SEO plugin. -->

Mit einem Bein im Grab &#8211; Tod und Sterben als Forschungsfeld der Archäologie Das Thema „Tod und Sterben“ betrifft jeden Menschen persönlich und übt seit jeher eine Faszination auf die [&hellip;]
