{"id":18137,"date":"2025-04-29T11:27:05","date_gmt":"2025-04-29T09:27:05","guid":{"rendered":"https:\/\/heimathub.de\/?post_type=tribe_events&#038;p=18137"},"modified":"2025-05-09T09:06:52","modified_gmt":"2025-05-09T07:06:52","slug":"wie-gestalte-ich-meine-stadt-nachhaltiger","status":"publish","type":"tribe_events","link":"https:\/\/heimathub.de\/event\/wie-gestalte-ich-meine-stadt-nachhaltiger\/","title":{"rendered":"Workshop &#8222;Wie gestalte ich meine Stadt nachhaltiger?!&#8220;"},"content":{"rendered":"<h3><strong>Workshop basierend auf der Futures Literacy Methode <\/strong><\/h3>\n<h3><strong>mit Rita Gensler und Ferit Ozan<\/strong><\/h3>\n<p><em>Wir schreiben das Jahr 2100 \u2013 die Erde, fantastische Welten,\u00a0Sternzeit 222493.721. Wie sieht unser Leben aus und welche Bedingungen haben wir uns geschaffen? Und was haben wir im Jahr 2025 getan, um diese Zukunft zu gestalten?<\/em><br \/>\n<em>Die Zukunft k\u00f6nnen wir nicht vorhersehen, aber wir haben gelernt, dass wir durch unser Tun die Zukunft beeinflussen k\u00f6nnen. Im Workshop erarbeiten wir, wie sich unser Denken auf unser Tun auswirkt und wie wir durch eine \u00c4nderung unserer Denkweise viele m\u00f6gliche Zuk\u00fcnfte ergr\u00fcnden k\u00f6nnen. \u201eNachhaltige St\u00e4dte und Gemeinden\u201c geh\u00f6ren zu den Nachhaltigkeitszielen der UN.<\/em><\/p>\n","protected":false},"excerpt":{"rendered":"<p>Workshop basierend auf der Futures Literacy Methode mit Rita Gensler und Ferit Ozan Wir schreiben das Jahr 2100 \u2013 die Erde, fantastische Welten,\u00a0Sternzeit 222493.721. Wie sieht unser Leben aus und [&hellip;]<\/p>\n","protected":false},"author":14,"featured_media":18128,"template":"","meta":{"_acf_changed":false,"_price":"","_stock":"","_tribe_ticket_header":"","_tribe_default_ticket_provider":"","_tribe_ticket_capacity":"0","_ticket_start_date":"","_ticket_end_date":"","_tribe_ticket_show_description":"","_tribe_ticket_show_not_going":false,"_tribe_ticket_use_global_stock":"","_tribe_ticket_global_stock_level":"","_global_stock_mode":"","_global_stock_cap":"","_tribe_rsvp_for_event":"","_tribe_ticket_going_count":"","_tribe_ticket_not_going_count":"","_tribe_tickets_list":"[]","_tribe_ticket_has_attendee_info_fields":false,"_tribe_events_status":"","_tribe_events_status_reason":"","footnotes":"","_tec_slr_enabled":"","_tec_slr_layout":""},"tags":[],"tribe_events_cat":[11],"class_list":["post-18137","tribe_events","type-tribe_events","status-publish","has-post-thumbnail","hentry","tribe_events_cat-workshop","cat_workshop"],"acf":[],"yoast_head":"<!-- This site is optimized with the Yoast SEO plugin v27.4 - https:\/\/yoast.com\/product\/yoast-seo-wordpress\/ -->\n<title>Workshop &quot;Wie gestalte ich meine Stadt nachhaltiger?!&quot; - heimat:hub<\/title>\n<meta name=\"robots\" content=\"index, follow, max-snippet:-1, max-image-preview:large, max-video-preview:-1\" \/>\n<link rel=\"canonical\" href=\"https:\/\/heimathub.de\/event\/wie-gestalte-ich-meine-stadt-nachhaltiger\/\" \/>\n<meta property=\"og:locale\" content=\"de_DE\" \/>\n<meta property=\"og:type\" content=\"article\" \/>\n<meta property=\"og:title\" content=\"Workshop &quot;Wie gestalte ich meine Stadt nachhaltiger?!&quot; - heimat:hub\" \/>\n<meta property=\"og:description\" content=\"Workshop basierend auf der Futures Literacy Methode mit Rita Gensler und Ferit Ozan Wir schreiben das Jahr 2100 \u2013 die Erde, fantastische Welten,\u00a0Sternzeit 222493.721. Wie sieht unser Leben aus und [&hellip;]\" \/>\n<meta property=\"og:url\" content=\"https:\/\/heimathub.de\/event\/wie-gestalte-ich-meine-stadt-nachhaltiger\/\" \/>\n<meta property=\"og:site_name\" content=\"heimat:hub\" \/>\n<meta property=\"article:modified_time\" content=\"2025-05-09T07:06:52+00:00\" \/>\n<meta property=\"og:image\" content=\"https:\/\/heimathub.de\/wp-content\/uploads\/2025\/04\/DC-logo-blue@2x-80.jpg\" \/>\n\t<meta property=\"og:image:width\" content=\"1474\" \/>\n\t<meta property=\"og:image:height\" content=\"1474\" \/>\n\t<meta property=\"og:image:type\" content=\"image\/jpeg\" \/>\n<meta name=\"twitter:card\" content=\"summary_large_image\" \/>\n<meta name=\"twitter:label1\" content=\"Gesch\u00e4tzte Lesezeit\" \/>\n\t<meta name=\"twitter:data1\" content=\"1\u00a0Minute\" \/>\n<script type=\"application\/ld+json\" class=\"yoast-schema-graph\">{\"@context\":\"https:\\\/\\\/schema.org\",\"@graph\":[{\"@type\":\"WebPage\",\"@id\":\"https:\\\/\\\/heimathub.de\\\/event\\\/wie-gestalte-ich-meine-stadt-nachhaltiger\\\/\",\"url\":\"https:\\\/\\\/heimathub.de\\\/event\\\/wie-gestalte-ich-meine-stadt-nachhaltiger\\\/\",\"name\":\"Workshop \\\"Wie gestalte ich meine Stadt nachhaltiger?!\\\" - heimat:hub\",\"isPartOf\":{\"@id\":\"https:\\\/\\\/heimathub.de\\\/#website\"},\"primaryImageOfPage\":{\"@id\":\"https:\\\/\\\/heimathub.de\\\/event\\\/wie-gestalte-ich-meine-stadt-nachhaltiger\\\/#primaryimage\"},\"image\":{\"@id\":\"https:\\\/\\\/heimathub.de\\\/event\\\/wie-gestalte-ich-meine-stadt-nachhaltiger\\\/#primaryimage\"},\"thumbnailUrl\":\"https:\\\/\\\/heimathub.de\\\/wp-content\\\/uploads\\\/2025\\\/04\\\/DC-logo-blue@2x-80.jpg\",\"datePublished\":\"2025-04-29T09:27:05+00:00\",\"dateModified\":\"2025-05-09T07:06:52+00:00\",\"breadcrumb\":{\"@id\":\"https:\\\/\\\/heimathub.de\\\/event\\\/wie-gestalte-ich-meine-stadt-nachhaltiger\\\/#breadcrumb\"},\"inLanguage\":\"de\",\"potentialAction\":[{\"@type\":\"ReadAction\",\"target\":[\"https:\\\/\\\/heimathub.de\\\/event\\\/wie-gestalte-ich-meine-stadt-nachhaltiger\\\/\"]}]},{\"@type\":\"ImageObject\",\"inLanguage\":\"de\",\"@id\":\"https:\\\/\\\/heimathub.de\\\/event\\\/wie-gestalte-ich-meine-stadt-nachhaltiger\\\/#primaryimage\",\"url\":\"https:\\\/\\\/heimathub.de\\\/wp-content\\\/uploads\\\/2025\\\/04\\\/DC-logo-blue@2x-80.jpg\",\"contentUrl\":\"https:\\\/\\\/heimathub.de\\\/wp-content\\\/uploads\\\/2025\\\/04\\\/DC-logo-blue@2x-80.jpg\",\"width\":1474,\"height\":1474},{\"@type\":\"BreadcrumbList\",\"@id\":\"https:\\\/\\\/heimathub.de\\\/event\\\/wie-gestalte-ich-meine-stadt-nachhaltiger\\\/#breadcrumb\",\"itemListElement\":[{\"@type\":\"ListItem\",\"position\":1,\"name\":\"Startseite\",\"item\":\"https:\\\/\\\/heimathub.de\\\/\"},{\"@type\":\"ListItem\",\"position\":2,\"name\":\"Veranstaltungen\",\"item\":\"https:\\\/\\\/heimathub.de\\\/events\\\/\"},{\"@type\":\"ListItem\",\"position\":3,\"name\":\"Workshop &#8222;Wie gestalte ich meine Stadt nachhaltiger?!&#8220;\"}]},{\"@type\":\"WebSite\",\"@id\":\"https:\\\/\\\/heimathub.de\\\/#website\",\"url\":\"https:\\\/\\\/heimathub.de\\\/\",\"name\":\"heimat:hub\",\"description\":\"\",\"potentialAction\":[{\"@type\":\"SearchAction\",\"target\":{\"@type\":\"EntryPoint\",\"urlTemplate\":\"https:\\\/\\\/heimathub.de\\\/?s={search_term_string}\"},\"query-input\":{\"@type\":\"PropertyValueSpecification\",\"valueRequired\":true,\"valueName\":\"search_term_string\"}}],\"inLanguage\":\"de\"}]}<\/script>\n<!-- \/ Yoast SEO plugin. -->","yoast_head_json":{"title":"Workshop \"Wie gestalte ich meine Stadt nachhaltiger?!\" - heimat:hub","robots":{"index":"index","follow":"follow","max-snippet":"max-snippet:-1","max-image-preview":"max-image-preview:large","max-video-preview":"max-video-preview:-1"},"canonical":"https:\/\/heimathub.de\/event\/wie-gestalte-ich-meine-stadt-nachhaltiger\/","og_locale":"de_DE","og_type":"article","og_title":"Workshop \"Wie gestalte ich meine Stadt nachhaltiger?!\" - heimat:hub","og_description":"Workshop basierend auf der Futures Literacy Methode mit Rita Gensler und Ferit Ozan Wir schreiben das Jahr 2100 \u2013 die Erde, fantastische Welten,\u00a0Sternzeit 222493.721. Wie sieht unser Leben aus und [&hellip;]","og_url":"https:\/\/heimathub.de\/event\/wie-gestalte-ich-meine-stadt-nachhaltiger\/","og_site_name":"heimat:hub","article_modified_time":"2025-05-09T07:06:52+00:00","og_image":[{"width":1474,"height":1474,"url":"https:\/\/heimathub.de\/wp-content\/uploads\/2025\/04\/DC-logo-blue@2x-80.jpg","type":"image\/jpeg"}],"twitter_card":"summary_large_image","twitter_misc":{"Gesch\u00e4tzte Lesezeit":"1\u00a0Minute"},"schema":{"@context":"https:\/\/schema.org","@graph":[{"@type":"WebPage","@id":"https:\/\/heimathub.de\/event\/wie-gestalte-ich-meine-stadt-nachhaltiger\/","url":"https:\/\/heimathub.de\/event\/wie-gestalte-ich-meine-stadt-nachhaltiger\/","name":"Workshop \"Wie gestalte ich meine Stadt nachhaltiger?!\" - heimat:hub","isPartOf":{"@id":"https:\/\/heimathub.de\/#website"},"primaryImageOfPage":{"@id":"https:\/\/heimathub.de\/event\/wie-gestalte-ich-meine-stadt-nachhaltiger\/#primaryimage"},"image":{"@id":"https:\/\/heimathub.de\/event\/wie-gestalte-ich-meine-stadt-nachhaltiger\/#primaryimage"},"thumbnailUrl":"https:\/\/heimathub.de\/wp-content\/uploads\/2025\/04\/DC-logo-blue@2x-80.jpg","datePublished":"2025-04-29T09:27:05+00:00","dateModified":"2025-05-09T07:06:52+00:00","breadcrumb":{"@id":"https:\/\/heimathub.de\/event\/wie-gestalte-ich-meine-stadt-nachhaltiger\/#breadcrumb"},"inLanguage":"de","potentialAction":[{"@type":"ReadAction","target":["https:\/\/heimathub.de\/event\/wie-gestalte-ich-meine-stadt-nachhaltiger\/"]}]},{"@type":"ImageObject","inLanguage":"de","@id":"https:\/\/heimathub.de\/event\/wie-gestalte-ich-meine-stadt-nachhaltiger\/#primaryimage","url":"https:\/\/heimathub.de\/wp-content\/uploads\/2025\/04\/DC-logo-blue@2x-80.jpg","contentUrl":"https:\/\/heimathub.de\/wp-content\/uploads\/2025\/04\/DC-logo-blue@2x-80.jpg","width":1474,"height":1474},{"@type":"BreadcrumbList","@id":"https:\/\/heimathub.de\/event\/wie-gestalte-ich-meine-stadt-nachhaltiger\/#breadcrumb","itemListElement":[{"@type":"ListItem","position":1,"name":"Startseite","item":"https:\/\/heimathub.de\/"},{"@type":"ListItem","position":2,"name":"Veranstaltungen","item":"https:\/\/heimathub.de\/events\/"},{"@type":"ListItem","position":3,"name":"Workshop &#8222;Wie gestalte ich meine Stadt nachhaltiger?!&#8220;"}]},{"@type":"WebSite","@id":"https:\/\/heimathub.de\/#website","url":"https:\/\/heimathub.de\/","name":"heimat:hub","description":"","potentialAction":[{"@type":"SearchAction","target":{"@type":"EntryPoint","urlTemplate":"https:\/\/heimathub.de\/?s={search_term_string}"},"query-input":{"@type":"PropertyValueSpecification","valueRequired":true,"valueName":"search_term_string"}}],"inLanguage":"de"}]}},"ticketed":false,"_links":{"self":[{"href":"https:\/\/heimathub.de\/data\/wp\/v2\/tribe_events\/18137","targetHints":{"allow":["GET"]}}],"collection":[{"href":"https:\/\/heimathub.de\/data\/wp\/v2\/tribe_events"}],"about":[{"href":"https:\/\/heimathub.de\/data\/wp\/v2\/types\/tribe_events"}],"author":[{"embeddable":true,"href":"https:\/\/heimathub.de\/data\/wp\/v2\/users\/14"}],"version-history":[{"count":4,"href":"https:\/\/heimathub.de\/data\/wp\/v2\/tribe_events\/18137\/revisions"}],"predecessor-version":[{"id":18186,"href":"https:\/\/heimathub.de\/data\/wp\/v2\/tribe_events\/18137\/revisions\/18186"}],"wp:featuredmedia":[{"embeddable":true,"href":"https:\/\/heimathub.de\/data\/wp\/v2\/media\/18128"}],"wp:attachment":[{"href":"https:\/\/heimathub.de\/data\/wp\/v2\/media?parent=18137"}],"wp:term":[{"taxonomy":"post_tag","embeddable":true,"href":"https:\/\/heimathub.de\/data\/wp\/v2\/tags?post=18137"},{"taxonomy":"tribe_events_cat","embeddable":true,"href":"https:\/\/heimathub.de\/data\/wp\/v2\/tribe_events_cat?post=18137"}],"curies":[{"name":"wp","href":"https:\/\/api.w.org\/{rel}","templated":true}]}}

<h3><strong>Workshop basierend auf der Futures Literacy Methode </strong></h3>
<h3><strong>mit Rita Gensler und Ferit Ozan</strong></h3>
<p><em>Wir schreiben das Jahr 2100 – die Erde, fantastische Welten, Sternzeit 222493.721. Wie sieht unser Leben aus und welche Bedingungen haben wir uns geschaffen? Und was haben wir im Jahr 2025 getan, um diese Zukunft zu gestalten?</em><br />
<em>Die Zukunft können wir nicht vorhersehen, aber wir haben gelernt, dass wir durch unser Tun die Zukunft beeinflussen können. Im Workshop erarbeiten wir, wie sich unser Denken auf unser Tun auswirkt und wie wir durch eine Änderung unserer Denkweise viele mögliche Zukünfte ergründen können. „Nachhaltige Städte und Gemeinden“ gehören zu den Nachhaltigkeitszielen der UN.</em></p>

<!-- This site is optimized with the Yoast SEO plugin v27.4 - https://yoast.com/product/yoast-seo-wordpress/ -->
<title>Workshop &quot;Wie gestalte ich meine Stadt nachhaltiger?!&quot; - heimat:hub</title>
<meta name="robots" content="index, follow, max-snippet:-1, max-image-preview:large, max-video-preview:-1" />
<link rel="canonical" href="https://heimathub.de/event/wie-gestalte-ich-meine-stadt-nachhaltiger/" />
<meta property="og:locale" content="de_DE" />
<meta property="og:type" content="article" />
<meta property="og:title" content="Workshop &quot;Wie gestalte ich meine Stadt nachhaltiger?!&quot; - heimat:hub" />
<meta property="og:description" content="Workshop basierend auf der Futures Literacy Methode mit Rita Gensler und Ferit Ozan Wir schreiben das Jahr 2100 – die Erde, fantastische Welten, Sternzeit 222493.721. Wie sieht unser Leben aus und [&hellip;]" />
<meta property="og:url" content="https://heimathub.de/event/wie-gestalte-ich-meine-stadt-nachhaltiger/" />
<meta property="og:site_name" content="heimat:hub" />
<meta property="article:modified_time" content="2025-05-09T07:06:52+00:00" />
<meta property="og:image" content="https://heimathub.de/wp-content/uploads/2025/04/DC-logo-blue@2x-80.jpg" />
	<meta property="og:image:width" content="1474" />
	<meta property="og:image:height" content="1474" />
	<meta property="og:image:type" content="image/jpeg" />
<meta name="twitter:card" content="summary_large_image" />
<meta name="twitter:label1" content="Geschätzte Lesezeit" />
	<meta name="twitter:data1" content="1 Minute" />
<script type="application/ld+json" class="yoast-schema-graph">{"@context":"https:\/\/schema.org","@graph":[{"@type":"WebPage","@id":"https:\/\/heimathub.de\/event\/wie-gestalte-ich-meine-stadt-nachhaltiger\/","url":"https:\/\/heimathub.de\/event\/wie-gestalte-ich-meine-stadt-nachhaltiger\/","name":"Workshop \"Wie gestalte ich meine Stadt nachhaltiger?!\" - heimat:hub","isPartOf":{"@id":"https:\/\/heimathub.de\/#website"},"primaryImageOfPage":{"@id":"https:\/\/heimathub.de\/event\/wie-gestalte-ich-meine-stadt-nachhaltiger\/#primaryimage"},"image":{"@id":"https:\/\/heimathub.de\/event\/wie-gestalte-ich-meine-stadt-nachhaltiger\/#primaryimage"},"thumbnailUrl":"https:\/\/heimathub.de\/wp-content\/uploads\/2025\/04\/DC-logo-blue@2x-80.jpg","datePublished":"2025-04-29T09:27:05+00:00","dateModified":"2025-05-09T07:06:52+00:00","breadcrumb":{"@id":"https:\/\/heimathub.de\/event\/wie-gestalte-ich-meine-stadt-nachhaltiger\/#breadcrumb"},"inLanguage":"de","potentialAction":[{"@type":"ReadAction","target":["https:\/\/heimathub.de\/event\/wie-gestalte-ich-meine-stadt-nachhaltiger\/"]}]},{"@type":"ImageObject","inLanguage":"de","@id":"https:\/\/heimathub.de\/event\/wie-gestalte-ich-meine-stadt-nachhaltiger\/#primaryimage","url":"https:\/\/heimathub.de\/wp-content\/uploads\/2025\/04\/DC-logo-blue@2x-80.jpg","contentUrl":"https:\/\/heimathub.de\/wp-content\/uploads\/2025\/04\/DC-logo-blue@2x-80.jpg","width":1474,"height":1474},{"@type":"BreadcrumbList","@id":"https:\/\/heimathub.de\/event\/wie-gestalte-ich-meine-stadt-nachhaltiger\/#breadcrumb","itemListElement":[{"@type":"ListItem","position":1,"name":"Startseite","item":"https:\/\/heimathub.de\/"},{"@type":"ListItem","position":2,"name":"Veranstaltungen","item":"https:\/\/heimathub.de\/events\/"},{"@type":"ListItem","position":3,"name":"Workshop &#8222;Wie gestalte ich meine Stadt nachhaltiger?!&#8220;"}]},{"@type":"WebSite","@id":"https:\/\/heimathub.de\/#website","url":"https:\/\/heimathub.de\/","name":"heimat:hub","description":"","potentialAction":[{"@type":"SearchAction","target":{"@type":"EntryPoint","urlTemplate":"https:\/\/heimathub.de\/?s={search_term_string}"},"query-input":{"@type":"PropertyValueSpecification","valueRequired":true,"valueName":"search_term_string"}}],"inLanguage":"de"}]}</script>
<!-- / Yoast SEO plugin. -->
