{"id":14969,"date":"2024-08-08T15:17:43","date_gmt":"2024-08-08T13:17:43","guid":{"rendered":"https:\/\/heimathub.de\/?post_type=tribe_events&#038;p=14969"},"modified":"2024-08-08T15:17:43","modified_gmt":"2024-08-08T13:17:43","slug":"jean-stock-ein-aschaffenburger-demokrat-gestaltet-das-grundgesetz-mit","status":"publish","type":"tribe_events","link":"https:\/\/heimathub.de\/event\/jean-stock-ein-aschaffenburger-demokrat-gestaltet-das-grundgesetz-mit\/","title":{"rendered":"Jean Stock: Ein Aschaffenburger Demokrat gestaltet das Grundgesetz mit"},"content":{"rendered":"<p>Der 1965 verstorbene Demokrat Jean Stock und hat nicht nur die politische Landschaft Aschaffenburgs von 1918 bis 1965 ganz entscheidend mit gepr\u00e4gt, er war auch aktiver Gestalter der Grundfesten unserer Demokratie. Als Mitglied und einer der Schriftf\u00fchrer im Parlamentarischen Rat war der Aschaffenburger von 1948 bis 1949 einer der Geburtshelfer der Bundesrepublik. Welche pers\u00f6nlichen Erfahrungen aus Aschaffenburg w\u00e4hrend der R\u00e4terepublik, der Weimarer Republik und des Dritten Reichs ihn bei der Mitarbeit im Parlamentarischen Rat pr\u00e4gten und eventuell seine Standpunkte definierten soll im Rahmen des Vortrags von Dr. Julius Goldmann (Heimathub) n\u00e4her beleuchtet werden.<\/p>\n<p>Veranstaltet von Stadt- und Stiftsarchiv Aschaffenburg, VHS Aschaffenburg, heimat:hub.de<\/p>\n<p>in Kooperation mit &#8222;Geist der Freiheit&#8220; <a href=\"https:\/\/www.krfrm.de\/project\/geist-der-freiheit\/\">https:\/\/www.krfrm.de\/project\/geist-der-freiheit\/<\/a><\/p>\n<p>&nbsp;<\/p>\n","protected":false},"excerpt":{"rendered":"<p>Der 1965 verstorbene Demokrat Jean Stock und hat nicht nur die politische Landschaft Aschaffenburgs von 1918 bis 1965 ganz entscheidend mit gepr\u00e4gt, er war auch aktiver Gestalter der Grundfesten unserer [&hellip;]<\/p>\n","protected":false},"author":21,"featured_media":6400,"template":"","meta":{"_acf_changed":false,"_price":"","_stock":"","_tribe_ticket_header":"","_tribe_default_ticket_provider":"","_tribe_ticket_capacity":"0","_ticket_start_date":"","_ticket_end_date":"","_tribe_ticket_show_description":"","_tribe_ticket_show_not_going":false,"_tribe_ticket_use_global_stock":"","_tribe_ticket_global_stock_level":"","_global_stock_mode":"","_global_stock_cap":"","_tribe_rsvp_for_event":"","_tribe_ticket_going_count":"","_tribe_ticket_not_going_count":"","_tribe_tickets_list":"[]","_tribe_ticket_has_attendee_info_fields":false,"_tribe_events_status":"","_tribe_events_status_reason":"","footnotes":"","_tec_slr_enabled":"","_tec_slr_layout":""},"tags":[],"tribe_events_cat":[12],"class_list":["post-14969","tribe_events","type-tribe_events","status-publish","has-post-thumbnail","hentry","tribe_events_cat-vortrag","cat_vortrag"],"acf":[],"yoast_head":"<!-- This site is optimized with the Yoast SEO plugin v27.5 - https:\/\/yoast.com\/product\/yoast-seo-wordpress\/ -->\n<title>Jean Stock: Ein Aschaffenburger Demokrat gestaltet das Grundgesetz mit - heimat:hub<\/title>\n<meta name=\"robots\" content=\"index, follow, max-snippet:-1, max-image-preview:large, max-video-preview:-1\" \/>\n<link rel=\"canonical\" href=\"https:\/\/heimathub.de\/event\/jean-stock-ein-aschaffenburger-demokrat-gestaltet-das-grundgesetz-mit\/\" \/>\n<meta property=\"og:locale\" content=\"de_DE\" \/>\n<meta property=\"og:type\" content=\"article\" \/>\n<meta property=\"og:title\" content=\"Jean Stock: Ein Aschaffenburger Demokrat gestaltet das Grundgesetz mit - heimat:hub\" \/>\n<meta property=\"og:description\" content=\"Der 1965 verstorbene Demokrat Jean Stock und hat nicht nur die politische Landschaft Aschaffenburgs von 1918 bis 1965 ganz entscheidend mit gepr\u00e4gt, er war auch aktiver Gestalter der Grundfesten unserer [&hellip;]\" \/>\n<meta property=\"og:url\" content=\"https:\/\/heimathub.de\/event\/jean-stock-ein-aschaffenburger-demokrat-gestaltet-das-grundgesetz-mit\/\" \/>\n<meta property=\"og:site_name\" content=\"heimat:hub\" \/>\n<meta property=\"og:image\" content=\"https:\/\/heimathub.de\/wp-content\/uploads\/2022\/12\/DSA_Heimathub_Plakat_klein.jpg\" \/>\n\t<meta property=\"og:image:width\" content=\"585\" \/>\n\t<meta property=\"og:image:height\" content=\"828\" \/>\n\t<meta property=\"og:image:type\" content=\"image\/jpeg\" \/>\n<meta name=\"twitter:card\" content=\"summary_large_image\" \/>\n<meta name=\"twitter:label1\" content=\"Gesch\u00e4tzte Lesezeit\" \/>\n\t<meta name=\"twitter:data1\" content=\"1\u00a0Minute\" \/>\n<script type=\"application\/ld+json\" class=\"yoast-schema-graph\">{\"@context\":\"https:\\\/\\\/schema.org\",\"@graph\":[{\"@type\":\"WebPage\",\"@id\":\"https:\\\/\\\/heimathub.de\\\/event\\\/jean-stock-ein-aschaffenburger-demokrat-gestaltet-das-grundgesetz-mit\\\/\",\"url\":\"https:\\\/\\\/heimathub.de\\\/event\\\/jean-stock-ein-aschaffenburger-demokrat-gestaltet-das-grundgesetz-mit\\\/\",\"name\":\"Jean Stock: Ein Aschaffenburger Demokrat gestaltet das Grundgesetz mit - heimat:hub\",\"isPartOf\":{\"@id\":\"https:\\\/\\\/heimathub.de\\\/#website\"},\"primaryImageOfPage\":{\"@id\":\"https:\\\/\\\/heimathub.de\\\/event\\\/jean-stock-ein-aschaffenburger-demokrat-gestaltet-das-grundgesetz-mit\\\/#primaryimage\"},\"image\":{\"@id\":\"https:\\\/\\\/heimathub.de\\\/event\\\/jean-stock-ein-aschaffenburger-demokrat-gestaltet-das-grundgesetz-mit\\\/#primaryimage\"},\"thumbnailUrl\":\"https:\\\/\\\/heimathub.de\\\/wp-content\\\/uploads\\\/2022\\\/12\\\/DSA_Heimathub_Plakat_klein.jpg\",\"datePublished\":\"2024-08-08T13:17:43+00:00\",\"breadcrumb\":{\"@id\":\"https:\\\/\\\/heimathub.de\\\/event\\\/jean-stock-ein-aschaffenburger-demokrat-gestaltet-das-grundgesetz-mit\\\/#breadcrumb\"},\"inLanguage\":\"de\",\"potentialAction\":[{\"@type\":\"ReadAction\",\"target\":[\"https:\\\/\\\/heimathub.de\\\/event\\\/jean-stock-ein-aschaffenburger-demokrat-gestaltet-das-grundgesetz-mit\\\/\"]}]},{\"@type\":\"ImageObject\",\"inLanguage\":\"de\",\"@id\":\"https:\\\/\\\/heimathub.de\\\/event\\\/jean-stock-ein-aschaffenburger-demokrat-gestaltet-das-grundgesetz-mit\\\/#primaryimage\",\"url\":\"https:\\\/\\\/heimathub.de\\\/wp-content\\\/uploads\\\/2022\\\/12\\\/DSA_Heimathub_Plakat_klein.jpg\",\"contentUrl\":\"https:\\\/\\\/heimathub.de\\\/wp-content\\\/uploads\\\/2022\\\/12\\\/DSA_Heimathub_Plakat_klein.jpg\",\"width\":585,\"height\":828},{\"@type\":\"BreadcrumbList\",\"@id\":\"https:\\\/\\\/heimathub.de\\\/event\\\/jean-stock-ein-aschaffenburger-demokrat-gestaltet-das-grundgesetz-mit\\\/#breadcrumb\",\"itemListElement\":[{\"@type\":\"ListItem\",\"position\":1,\"name\":\"Startseite\",\"item\":\"https:\\\/\\\/heimathub.de\\\/\"},{\"@type\":\"ListItem\",\"position\":2,\"name\":\"Veranstaltungen\",\"item\":\"https:\\\/\\\/heimathub.de\\\/events\\\/\"},{\"@type\":\"ListItem\",\"position\":3,\"name\":\"Jean Stock: Ein Aschaffenburger Demokrat gestaltet das Grundgesetz mit\"}]},{\"@type\":\"WebSite\",\"@id\":\"https:\\\/\\\/heimathub.de\\\/#website\",\"url\":\"https:\\\/\\\/heimathub.de\\\/\",\"name\":\"heimat:hub\",\"description\":\"\",\"potentialAction\":[{\"@type\":\"SearchAction\",\"target\":{\"@type\":\"EntryPoint\",\"urlTemplate\":\"https:\\\/\\\/heimathub.de\\\/?s={search_term_string}\"},\"query-input\":{\"@type\":\"PropertyValueSpecification\",\"valueRequired\":true,\"valueName\":\"search_term_string\"}}],\"inLanguage\":\"de\"}]}<\/script>\n<!-- \/ Yoast SEO plugin. -->","yoast_head_json":{"title":"Jean Stock: Ein Aschaffenburger Demokrat gestaltet das Grundgesetz mit - heimat:hub","robots":{"index":"index","follow":"follow","max-snippet":"max-snippet:-1","max-image-preview":"max-image-preview:large","max-video-preview":"max-video-preview:-1"},"canonical":"https:\/\/heimathub.de\/event\/jean-stock-ein-aschaffenburger-demokrat-gestaltet-das-grundgesetz-mit\/","og_locale":"de_DE","og_type":"article","og_title":"Jean Stock: Ein Aschaffenburger Demokrat gestaltet das Grundgesetz mit - heimat:hub","og_description":"Der 1965 verstorbene Demokrat Jean Stock und hat nicht nur die politische Landschaft Aschaffenburgs von 1918 bis 1965 ganz entscheidend mit gepr\u00e4gt, er war auch aktiver Gestalter der Grundfesten unserer [&hellip;]","og_url":"https:\/\/heimathub.de\/event\/jean-stock-ein-aschaffenburger-demokrat-gestaltet-das-grundgesetz-mit\/","og_site_name":"heimat:hub","og_image":[{"width":585,"height":828,"url":"https:\/\/heimathub.de\/wp-content\/uploads\/2022\/12\/DSA_Heimathub_Plakat_klein.jpg","type":"image\/jpeg"}],"twitter_card":"summary_large_image","twitter_misc":{"Gesch\u00e4tzte Lesezeit":"1\u00a0Minute"},"schema":{"@context":"https:\/\/schema.org","@graph":[{"@type":"WebPage","@id":"https:\/\/heimathub.de\/event\/jean-stock-ein-aschaffenburger-demokrat-gestaltet-das-grundgesetz-mit\/","url":"https:\/\/heimathub.de\/event\/jean-stock-ein-aschaffenburger-demokrat-gestaltet-das-grundgesetz-mit\/","name":"Jean Stock: Ein Aschaffenburger Demokrat gestaltet das Grundgesetz mit - heimat:hub","isPartOf":{"@id":"https:\/\/heimathub.de\/#website"},"primaryImageOfPage":{"@id":"https:\/\/heimathub.de\/event\/jean-stock-ein-aschaffenburger-demokrat-gestaltet-das-grundgesetz-mit\/#primaryimage"},"image":{"@id":"https:\/\/heimathub.de\/event\/jean-stock-ein-aschaffenburger-demokrat-gestaltet-das-grundgesetz-mit\/#primaryimage"},"thumbnailUrl":"https:\/\/heimathub.de\/wp-content\/uploads\/2022\/12\/DSA_Heimathub_Plakat_klein.jpg","datePublished":"2024-08-08T13:17:43+00:00","breadcrumb":{"@id":"https:\/\/heimathub.de\/event\/jean-stock-ein-aschaffenburger-demokrat-gestaltet-das-grundgesetz-mit\/#breadcrumb"},"inLanguage":"de","potentialAction":[{"@type":"ReadAction","target":["https:\/\/heimathub.de\/event\/jean-stock-ein-aschaffenburger-demokrat-gestaltet-das-grundgesetz-mit\/"]}]},{"@type":"ImageObject","inLanguage":"de","@id":"https:\/\/heimathub.de\/event\/jean-stock-ein-aschaffenburger-demokrat-gestaltet-das-grundgesetz-mit\/#primaryimage","url":"https:\/\/heimathub.de\/wp-content\/uploads\/2022\/12\/DSA_Heimathub_Plakat_klein.jpg","contentUrl":"https:\/\/heimathub.de\/wp-content\/uploads\/2022\/12\/DSA_Heimathub_Plakat_klein.jpg","width":585,"height":828},{"@type":"BreadcrumbList","@id":"https:\/\/heimathub.de\/event\/jean-stock-ein-aschaffenburger-demokrat-gestaltet-das-grundgesetz-mit\/#breadcrumb","itemListElement":[{"@type":"ListItem","position":1,"name":"Startseite","item":"https:\/\/heimathub.de\/"},{"@type":"ListItem","position":2,"name":"Veranstaltungen","item":"https:\/\/heimathub.de\/events\/"},{"@type":"ListItem","position":3,"name":"Jean Stock: Ein Aschaffenburger Demokrat gestaltet das Grundgesetz mit"}]},{"@type":"WebSite","@id":"https:\/\/heimathub.de\/#website","url":"https:\/\/heimathub.de\/","name":"heimat:hub","description":"","potentialAction":[{"@type":"SearchAction","target":{"@type":"EntryPoint","urlTemplate":"https:\/\/heimathub.de\/?s={search_term_string}"},"query-input":{"@type":"PropertyValueSpecification","valueRequired":true,"valueName":"search_term_string"}}],"inLanguage":"de"}]}},"ticketed":false,"_links":{"self":[{"href":"https:\/\/heimathub.de\/data\/wp\/v2\/tribe_events\/14969","targetHints":{"allow":["GET"]}}],"collection":[{"href":"https:\/\/heimathub.de\/data\/wp\/v2\/tribe_events"}],"about":[{"href":"https:\/\/heimathub.de\/data\/wp\/v2\/types\/tribe_events"}],"author":[{"embeddable":true,"href":"https:\/\/heimathub.de\/data\/wp\/v2\/users\/21"}],"version-history":[{"count":1,"href":"https:\/\/heimathub.de\/data\/wp\/v2\/tribe_events\/14969\/revisions"}],"predecessor-version":[{"id":14970,"href":"https:\/\/heimathub.de\/data\/wp\/v2\/tribe_events\/14969\/revisions\/14970"}],"wp:featuredmedia":[{"embeddable":true,"href":"https:\/\/heimathub.de\/data\/wp\/v2\/media\/6400"}],"wp:attachment":[{"href":"https:\/\/heimathub.de\/data\/wp\/v2\/media?parent=14969"}],"wp:term":[{"taxonomy":"post_tag","embeddable":true,"href":"https:\/\/heimathub.de\/data\/wp\/v2\/tags?post=14969"},{"taxonomy":"tribe_events_cat","embeddable":true,"href":"https:\/\/heimathub.de\/data\/wp\/v2\/tribe_events_cat?post=14969"}],"curies":[{"name":"wp","href":"https:\/\/api.w.org\/{rel}","templated":true}]}}

<p>Der 1965 verstorbene Demokrat Jean Stock und hat nicht nur die politische Landschaft Aschaffenburgs von 1918 bis 1965 ganz entscheidend mit geprägt, er war auch aktiver Gestalter der Grundfesten unserer Demokratie. Als Mitglied und einer der Schriftführer im Parlamentarischen Rat war der Aschaffenburger von 1948 bis 1949 einer der Geburtshelfer der Bundesrepublik. Welche persönlichen Erfahrungen aus Aschaffenburg während der Räterepublik, der Weimarer Republik und des Dritten Reichs ihn bei der Mitarbeit im Parlamentarischen Rat prägten und eventuell seine Standpunkte definierten soll im Rahmen des Vortrags von Dr. Julius Goldmann (Heimathub) näher beleuchtet werden.</p>
<p>Veranstaltet von Stadt- und Stiftsarchiv Aschaffenburg, VHS Aschaffenburg, heimat:hub.de</p>
<p>in Kooperation mit &#8222;Geist der Freiheit&#8220; <a href="https://www.krfrm.de/project/geist-der-freiheit/">https://www.krfrm.de/project/geist-der-freiheit/</a></p>
<p>&nbsp;</p>

<p>Der 1965 verstorbene Demokrat Jean Stock und hat nicht nur die politische Landschaft Aschaffenburgs von 1918 bis 1965 ganz entscheidend mit geprägt, er war auch aktiver Gestalter der Grundfesten unserer [&hellip;]</p>

<!-- This site is optimized with the Yoast SEO plugin v27.5 - https://yoast.com/product/yoast-seo-wordpress/ -->
<title>Jean Stock: Ein Aschaffenburger Demokrat gestaltet das Grundgesetz mit - heimat:hub</title>
<meta name="robots" content="index, follow, max-snippet:-1, max-image-preview:large, max-video-preview:-1" />
<link rel="canonical" href="https://heimathub.de/event/jean-stock-ein-aschaffenburger-demokrat-gestaltet-das-grundgesetz-mit/" />
<meta property="og:locale" content="de_DE" />
<meta property="og:type" content="article" />
<meta property="og:title" content="Jean Stock: Ein Aschaffenburger Demokrat gestaltet das Grundgesetz mit - heimat:hub" />
<meta property="og:description" content="Der 1965 verstorbene Demokrat Jean Stock und hat nicht nur die politische Landschaft Aschaffenburgs von 1918 bis 1965 ganz entscheidend mit geprägt, er war auch aktiver Gestalter der Grundfesten unserer [&hellip;]" />
<meta property="og:url" content="https://heimathub.de/event/jean-stock-ein-aschaffenburger-demokrat-gestaltet-das-grundgesetz-mit/" />
<meta property="og:site_name" content="heimat:hub" />
<meta property="og:image" content="https://heimathub.de/wp-content/uploads/2022/12/DSA_Heimathub_Plakat_klein.jpg" />
	<meta property="og:image:width" content="585" />
	<meta property="og:image:height" content="828" />
	<meta property="og:image:type" content="image/jpeg" />
<meta name="twitter:card" content="summary_large_image" />
<meta name="twitter:label1" content="Geschätzte Lesezeit" />
	<meta name="twitter:data1" content="1 Minute" />
<script type="application/ld+json" class="yoast-schema-graph">{"@context":"https:\/\/schema.org","@graph":[{"@type":"WebPage","@id":"https:\/\/heimathub.de\/event\/jean-stock-ein-aschaffenburger-demokrat-gestaltet-das-grundgesetz-mit\/","url":"https:\/\/heimathub.de\/event\/jean-stock-ein-aschaffenburger-demokrat-gestaltet-das-grundgesetz-mit\/","name":"Jean Stock: Ein Aschaffenburger Demokrat gestaltet das Grundgesetz mit - heimat:hub","isPartOf":{"@id":"https:\/\/heimathub.de\/#website"},"primaryImageOfPage":{"@id":"https:\/\/heimathub.de\/event\/jean-stock-ein-aschaffenburger-demokrat-gestaltet-das-grundgesetz-mit\/#primaryimage"},"image":{"@id":"https:\/\/heimathub.de\/event\/jean-stock-ein-aschaffenburger-demokrat-gestaltet-das-grundgesetz-mit\/#primaryimage"},"thumbnailUrl":"https:\/\/heimathub.de\/wp-content\/uploads\/2022\/12\/DSA_Heimathub_Plakat_klein.jpg","datePublished":"2024-08-08T13:17:43+00:00","breadcrumb":{"@id":"https:\/\/heimathub.de\/event\/jean-stock-ein-aschaffenburger-demokrat-gestaltet-das-grundgesetz-mit\/#breadcrumb"},"inLanguage":"de","potentialAction":[{"@type":"ReadAction","target":["https:\/\/heimathub.de\/event\/jean-stock-ein-aschaffenburger-demokrat-gestaltet-das-grundgesetz-mit\/"]}]},{"@type":"ImageObject","inLanguage":"de","@id":"https:\/\/heimathub.de\/event\/jean-stock-ein-aschaffenburger-demokrat-gestaltet-das-grundgesetz-mit\/#primaryimage","url":"https:\/\/heimathub.de\/wp-content\/uploads\/2022\/12\/DSA_Heimathub_Plakat_klein.jpg","contentUrl":"https:\/\/heimathub.de\/wp-content\/uploads\/2022\/12\/DSA_Heimathub_Plakat_klein.jpg","width":585,"height":828},{"@type":"BreadcrumbList","@id":"https:\/\/heimathub.de\/event\/jean-stock-ein-aschaffenburger-demokrat-gestaltet-das-grundgesetz-mit\/#breadcrumb","itemListElement":[{"@type":"ListItem","position":1,"name":"Startseite","item":"https:\/\/heimathub.de\/"},{"@type":"ListItem","position":2,"name":"Veranstaltungen","item":"https:\/\/heimathub.de\/events\/"},{"@type":"ListItem","position":3,"name":"Jean Stock: Ein Aschaffenburger Demokrat gestaltet das Grundgesetz mit"}]},{"@type":"WebSite","@id":"https:\/\/heimathub.de\/#website","url":"https:\/\/heimathub.de\/","name":"heimat:hub","description":"","potentialAction":[{"@type":"SearchAction","target":{"@type":"EntryPoint","urlTemplate":"https:\/\/heimathub.de\/?s={search_term_string}"},"query-input":{"@type":"PropertyValueSpecification","valueRequired":true,"valueName":"search_term_string"}}],"inLanguage":"de"}]}</script>
<!-- / Yoast SEO plugin. -->

Der 1965 verstorbene Demokrat Jean Stock und hat nicht nur die politische Landschaft Aschaffenburgs von 1918 bis 1965 ganz entscheidend mit geprägt, er war auch aktiver Gestalter der Grundfesten unserer [&hellip;]
