{"id":14785,"date":"2024-07-08T12:02:43","date_gmt":"2024-07-08T10:02:43","guid":{"rendered":"https:\/\/heimathub.de\/?post_type=tribe_events&#038;p=14785"},"modified":"2024-07-08T12:02:43","modified_gmt":"2024-07-08T10:02:43","slug":"lesung-lutz-van-dijk","status":"publish","type":"tribe_events","link":"https:\/\/heimathub.de\/event\/lesung-lutz-van-dijk\/","title":{"rendered":"Lesung: Lutz van Dijk"},"content":{"rendered":"<p>Lutz van Dijk, geboren 1955 in Berlin, deutsch-niederl\u00e4ndischer Schriftsteller, war zun\u00e4chst Lehrer in Hamburg und sp\u00e4ter Mitarbeiter des Anne-Frank-Hauses in Amsterdam. Seine Dissertation am Fachbereich Erziehungswissenschaft an der Universit\u00e4t Hamburg befasst sich mit dem Thema \u201eOppositionelles Lehrerverhalten 1933\u20131945\u201c. Seit 2001 lebt er in Kaptstadt, wo er sich als Mitbegr\u00fcnder der Stiftung HOKISA (Homes for Kids in South Africa, <a href=\"http:\/\/www.hokisa.co.za\/\">www.hokisa.co.za<\/a>) f\u00fcr von HIV\/Aids betroffene Kinder und Jugendliche einsetzt.<\/p>\n","protected":false},"excerpt":{"rendered":"<p>Lutz van Dijk, geboren 1955 in Berlin, deutsch-niederl\u00e4ndischer Schriftsteller, war zun\u00e4chst Lehrer in Hamburg und sp\u00e4ter Mitarbeiter des Anne-Frank-Hauses in Amsterdam. Seine Dissertation am Fachbereich Erziehungswissenschaft an der Universit\u00e4t Hamburg [&hellip;]<\/p>\n","protected":false},"author":14,"featured_media":14782,"template":"","meta":{"_acf_changed":false,"_price":"","_stock":"","_tribe_ticket_header":"","_tribe_default_ticket_provider":"","_tribe_ticket_capacity":"0","_ticket_start_date":"","_ticket_end_date":"","_tribe_ticket_show_description":"","_tribe_ticket_show_not_going":false,"_tribe_ticket_use_global_stock":"","_tribe_ticket_global_stock_level":"","_global_stock_mode":"","_global_stock_cap":"","_tribe_rsvp_for_event":"","_tribe_ticket_going_count":"","_tribe_ticket_not_going_count":"","_tribe_tickets_list":"[]","_tribe_ticket_has_attendee_info_fields":false,"_tribe_events_status":"","_tribe_events_status_reason":"","footnotes":"","_tec_slr_enabled":"","_tec_slr_layout":""},"tags":[],"tribe_events_cat":[],"class_list":["post-14785","tribe_events","type-tribe_events","status-publish","has-post-thumbnail","hentry"],"acf":[],"yoast_head":"<!-- This site is optimized with the Yoast SEO plugin v27.5 - https:\/\/yoast.com\/product\/yoast-seo-wordpress\/ -->\n<title>Lesung: Lutz van Dijk - heimat:hub<\/title>\n<meta name=\"robots\" content=\"index, follow, max-snippet:-1, max-image-preview:large, max-video-preview:-1\" \/>\n<link rel=\"canonical\" href=\"https:\/\/heimathub.de\/event\/lesung-lutz-van-dijk\/\" \/>\n<meta property=\"og:locale\" content=\"de_DE\" \/>\n<meta property=\"og:type\" content=\"article\" \/>\n<meta property=\"og:title\" content=\"Lesung: Lutz van Dijk - heimat:hub\" \/>\n<meta property=\"og:description\" content=\"Lutz van Dijk, geboren 1955 in Berlin, deutsch-niederl\u00e4ndischer Schriftsteller, war zun\u00e4chst Lehrer in Hamburg und sp\u00e4ter Mitarbeiter des Anne-Frank-Hauses in Amsterdam. Seine Dissertation am Fachbereich Erziehungswissenschaft an der Universit\u00e4t Hamburg [&hellip;]\" \/>\n<meta property=\"og:url\" content=\"https:\/\/heimathub.de\/event\/lesung-lutz-van-dijk\/\" \/>\n<meta property=\"og:site_name\" content=\"heimat:hub\" \/>\n<meta property=\"og:image\" content=\"https:\/\/heimathub.de\/wp-content\/uploads\/2024\/07\/Van-Dijk_Plak_fin24.jpg\" \/>\n\t<meta property=\"og:image:width\" content=\"1241\" \/>\n\t<meta property=\"og:image:height\" content=\"1754\" \/>\n\t<meta property=\"og:image:type\" content=\"image\/jpeg\" \/>\n<meta name=\"twitter:card\" content=\"summary_large_image\" \/>\n<meta name=\"twitter:label1\" content=\"Gesch\u00e4tzte Lesezeit\" \/>\n\t<meta name=\"twitter:data1\" content=\"1\u00a0Minute\" \/>\n<script type=\"application\/ld+json\" class=\"yoast-schema-graph\">{\"@context\":\"https:\\\/\\\/schema.org\",\"@graph\":[{\"@type\":\"WebPage\",\"@id\":\"https:\\\/\\\/heimathub.de\\\/event\\\/lesung-lutz-van-dijk\\\/\",\"url\":\"https:\\\/\\\/heimathub.de\\\/event\\\/lesung-lutz-van-dijk\\\/\",\"name\":\"Lesung: Lutz van Dijk - heimat:hub\",\"isPartOf\":{\"@id\":\"https:\\\/\\\/heimathub.de\\\/#website\"},\"primaryImageOfPage\":{\"@id\":\"https:\\\/\\\/heimathub.de\\\/event\\\/lesung-lutz-van-dijk\\\/#primaryimage\"},\"image\":{\"@id\":\"https:\\\/\\\/heimathub.de\\\/event\\\/lesung-lutz-van-dijk\\\/#primaryimage\"},\"thumbnailUrl\":\"https:\\\/\\\/heimathub.de\\\/wp-content\\\/uploads\\\/2024\\\/07\\\/Van-Dijk_Plak_fin24.jpg\",\"datePublished\":\"2024-07-08T10:02:43+00:00\",\"breadcrumb\":{\"@id\":\"https:\\\/\\\/heimathub.de\\\/event\\\/lesung-lutz-van-dijk\\\/#breadcrumb\"},\"inLanguage\":\"de\",\"potentialAction\":[{\"@type\":\"ReadAction\",\"target\":[\"https:\\\/\\\/heimathub.de\\\/event\\\/lesung-lutz-van-dijk\\\/\"]}]},{\"@type\":\"ImageObject\",\"inLanguage\":\"de\",\"@id\":\"https:\\\/\\\/heimathub.de\\\/event\\\/lesung-lutz-van-dijk\\\/#primaryimage\",\"url\":\"https:\\\/\\\/heimathub.de\\\/wp-content\\\/uploads\\\/2024\\\/07\\\/Van-Dijk_Plak_fin24.jpg\",\"contentUrl\":\"https:\\\/\\\/heimathub.de\\\/wp-content\\\/uploads\\\/2024\\\/07\\\/Van-Dijk_Plak_fin24.jpg\",\"width\":1241,\"height\":1754},{\"@type\":\"BreadcrumbList\",\"@id\":\"https:\\\/\\\/heimathub.de\\\/event\\\/lesung-lutz-van-dijk\\\/#breadcrumb\",\"itemListElement\":[{\"@type\":\"ListItem\",\"position\":1,\"name\":\"Startseite\",\"item\":\"https:\\\/\\\/heimathub.de\\\/\"},{\"@type\":\"ListItem\",\"position\":2,\"name\":\"Veranstaltungen\",\"item\":\"https:\\\/\\\/heimathub.de\\\/events\\\/\"},{\"@type\":\"ListItem\",\"position\":3,\"name\":\"Lesung: Lutz van Dijk\"}]},{\"@type\":\"WebSite\",\"@id\":\"https:\\\/\\\/heimathub.de\\\/#website\",\"url\":\"https:\\\/\\\/heimathub.de\\\/\",\"name\":\"heimat:hub\",\"description\":\"\",\"potentialAction\":[{\"@type\":\"SearchAction\",\"target\":{\"@type\":\"EntryPoint\",\"urlTemplate\":\"https:\\\/\\\/heimathub.de\\\/?s={search_term_string}\"},\"query-input\":{\"@type\":\"PropertyValueSpecification\",\"valueRequired\":true,\"valueName\":\"search_term_string\"}}],\"inLanguage\":\"de\"}]}<\/script>\n<!-- \/ Yoast SEO plugin. -->","yoast_head_json":{"title":"Lesung: Lutz van Dijk - heimat:hub","robots":{"index":"index","follow":"follow","max-snippet":"max-snippet:-1","max-image-preview":"max-image-preview:large","max-video-preview":"max-video-preview:-1"},"canonical":"https:\/\/heimathub.de\/event\/lesung-lutz-van-dijk\/","og_locale":"de_DE","og_type":"article","og_title":"Lesung: Lutz van Dijk - heimat:hub","og_description":"Lutz van Dijk, geboren 1955 in Berlin, deutsch-niederl\u00e4ndischer Schriftsteller, war zun\u00e4chst Lehrer in Hamburg und sp\u00e4ter Mitarbeiter des Anne-Frank-Hauses in Amsterdam. Seine Dissertation am Fachbereich Erziehungswissenschaft an der Universit\u00e4t Hamburg [&hellip;]","og_url":"https:\/\/heimathub.de\/event\/lesung-lutz-van-dijk\/","og_site_name":"heimat:hub","og_image":[{"width":1241,"height":1754,"url":"https:\/\/heimathub.de\/wp-content\/uploads\/2024\/07\/Van-Dijk_Plak_fin24.jpg","type":"image\/jpeg"}],"twitter_card":"summary_large_image","twitter_misc":{"Gesch\u00e4tzte Lesezeit":"1\u00a0Minute"},"schema":{"@context":"https:\/\/schema.org","@graph":[{"@type":"WebPage","@id":"https:\/\/heimathub.de\/event\/lesung-lutz-van-dijk\/","url":"https:\/\/heimathub.de\/event\/lesung-lutz-van-dijk\/","name":"Lesung: Lutz van Dijk - heimat:hub","isPartOf":{"@id":"https:\/\/heimathub.de\/#website"},"primaryImageOfPage":{"@id":"https:\/\/heimathub.de\/event\/lesung-lutz-van-dijk\/#primaryimage"},"image":{"@id":"https:\/\/heimathub.de\/event\/lesung-lutz-van-dijk\/#primaryimage"},"thumbnailUrl":"https:\/\/heimathub.de\/wp-content\/uploads\/2024\/07\/Van-Dijk_Plak_fin24.jpg","datePublished":"2024-07-08T10:02:43+00:00","breadcrumb":{"@id":"https:\/\/heimathub.de\/event\/lesung-lutz-van-dijk\/#breadcrumb"},"inLanguage":"de","potentialAction":[{"@type":"ReadAction","target":["https:\/\/heimathub.de\/event\/lesung-lutz-van-dijk\/"]}]},{"@type":"ImageObject","inLanguage":"de","@id":"https:\/\/heimathub.de\/event\/lesung-lutz-van-dijk\/#primaryimage","url":"https:\/\/heimathub.de\/wp-content\/uploads\/2024\/07\/Van-Dijk_Plak_fin24.jpg","contentUrl":"https:\/\/heimathub.de\/wp-content\/uploads\/2024\/07\/Van-Dijk_Plak_fin24.jpg","width":1241,"height":1754},{"@type":"BreadcrumbList","@id":"https:\/\/heimathub.de\/event\/lesung-lutz-van-dijk\/#breadcrumb","itemListElement":[{"@type":"ListItem","position":1,"name":"Startseite","item":"https:\/\/heimathub.de\/"},{"@type":"ListItem","position":2,"name":"Veranstaltungen","item":"https:\/\/heimathub.de\/events\/"},{"@type":"ListItem","position":3,"name":"Lesung: Lutz van Dijk"}]},{"@type":"WebSite","@id":"https:\/\/heimathub.de\/#website","url":"https:\/\/heimathub.de\/","name":"heimat:hub","description":"","potentialAction":[{"@type":"SearchAction","target":{"@type":"EntryPoint","urlTemplate":"https:\/\/heimathub.de\/?s={search_term_string}"},"query-input":{"@type":"PropertyValueSpecification","valueRequired":true,"valueName":"search_term_string"}}],"inLanguage":"de"}]}},"ticketed":false,"_links":{"self":[{"href":"https:\/\/heimathub.de\/data\/wp\/v2\/tribe_events\/14785","targetHints":{"allow":["GET"]}}],"collection":[{"href":"https:\/\/heimathub.de\/data\/wp\/v2\/tribe_events"}],"about":[{"href":"https:\/\/heimathub.de\/data\/wp\/v2\/types\/tribe_events"}],"author":[{"embeddable":true,"href":"https:\/\/heimathub.de\/data\/wp\/v2\/users\/14"}],"version-history":[{"count":4,"href":"https:\/\/heimathub.de\/data\/wp\/v2\/tribe_events\/14785\/revisions"}],"predecessor-version":[{"id":14790,"href":"https:\/\/heimathub.de\/data\/wp\/v2\/tribe_events\/14785\/revisions\/14790"}],"wp:featuredmedia":[{"embeddable":true,"href":"https:\/\/heimathub.de\/data\/wp\/v2\/media\/14782"}],"wp:attachment":[{"href":"https:\/\/heimathub.de\/data\/wp\/v2\/media?parent=14785"}],"wp:term":[{"taxonomy":"post_tag","embeddable":true,"href":"https:\/\/heimathub.de\/data\/wp\/v2\/tags?post=14785"},{"taxonomy":"tribe_events_cat","embeddable":true,"href":"https:\/\/heimathub.de\/data\/wp\/v2\/tribe_events_cat?post=14785"}],"curies":[{"name":"wp","href":"https:\/\/api.w.org\/{rel}","templated":true}]}}

<p>Lutz van Dijk, geboren 1955 in Berlin, deutsch-niederländischer Schriftsteller, war zunächst Lehrer in Hamburg und später Mitarbeiter des Anne-Frank-Hauses in Amsterdam. Seine Dissertation am Fachbereich Erziehungswissenschaft an der Universität Hamburg befasst sich mit dem Thema „Oppositionelles Lehrerverhalten 1933–1945“. Seit 2001 lebt er in Kaptstadt, wo er sich als Mitbegründer der Stiftung HOKISA (Homes for Kids in South Africa, <a href="http://www.hokisa.co.za/">www.hokisa.co.za</a>) für von HIV/Aids betroffene Kinder und Jugendliche einsetzt.</p>

<p>Lutz van Dijk, geboren 1955 in Berlin, deutsch-niederländischer Schriftsteller, war zunächst Lehrer in Hamburg und später Mitarbeiter des Anne-Frank-Hauses in Amsterdam. Seine Dissertation am Fachbereich Erziehungswissenschaft an der Universität Hamburg [&hellip;]</p>

<!-- This site is optimized with the Yoast SEO plugin v27.5 - https://yoast.com/product/yoast-seo-wordpress/ -->
<title>Lesung: Lutz van Dijk - heimat:hub</title>
<meta name="robots" content="index, follow, max-snippet:-1, max-image-preview:large, max-video-preview:-1" />
<link rel="canonical" href="https://heimathub.de/event/lesung-lutz-van-dijk/" />
<meta property="og:locale" content="de_DE" />
<meta property="og:type" content="article" />
<meta property="og:title" content="Lesung: Lutz van Dijk - heimat:hub" />
<meta property="og:description" content="Lutz van Dijk, geboren 1955 in Berlin, deutsch-niederländischer Schriftsteller, war zunächst Lehrer in Hamburg und später Mitarbeiter des Anne-Frank-Hauses in Amsterdam. Seine Dissertation am Fachbereich Erziehungswissenschaft an der Universität Hamburg [&hellip;]" />
<meta property="og:url" content="https://heimathub.de/event/lesung-lutz-van-dijk/" />
<meta property="og:site_name" content="heimat:hub" />
<meta property="og:image" content="https://heimathub.de/wp-content/uploads/2024/07/Van-Dijk_Plak_fin24.jpg" />
	<meta property="og:image:width" content="1241" />
	<meta property="og:image:height" content="1754" />
	<meta property="og:image:type" content="image/jpeg" />
<meta name="twitter:card" content="summary_large_image" />
<meta name="twitter:label1" content="Geschätzte Lesezeit" />
	<meta name="twitter:data1" content="1 Minute" />
<script type="application/ld+json" class="yoast-schema-graph">{"@context":"https:\/\/schema.org","@graph":[{"@type":"WebPage","@id":"https:\/\/heimathub.de\/event\/lesung-lutz-van-dijk\/","url":"https:\/\/heimathub.de\/event\/lesung-lutz-van-dijk\/","name":"Lesung: Lutz van Dijk - heimat:hub","isPartOf":{"@id":"https:\/\/heimathub.de\/#website"},"primaryImageOfPage":{"@id":"https:\/\/heimathub.de\/event\/lesung-lutz-van-dijk\/#primaryimage"},"image":{"@id":"https:\/\/heimathub.de\/event\/lesung-lutz-van-dijk\/#primaryimage"},"thumbnailUrl":"https:\/\/heimathub.de\/wp-content\/uploads\/2024\/07\/Van-Dijk_Plak_fin24.jpg","datePublished":"2024-07-08T10:02:43+00:00","breadcrumb":{"@id":"https:\/\/heimathub.de\/event\/lesung-lutz-van-dijk\/#breadcrumb"},"inLanguage":"de","potentialAction":[{"@type":"ReadAction","target":["https:\/\/heimathub.de\/event\/lesung-lutz-van-dijk\/"]}]},{"@type":"ImageObject","inLanguage":"de","@id":"https:\/\/heimathub.de\/event\/lesung-lutz-van-dijk\/#primaryimage","url":"https:\/\/heimathub.de\/wp-content\/uploads\/2024\/07\/Van-Dijk_Plak_fin24.jpg","contentUrl":"https:\/\/heimathub.de\/wp-content\/uploads\/2024\/07\/Van-Dijk_Plak_fin24.jpg","width":1241,"height":1754},{"@type":"BreadcrumbList","@id":"https:\/\/heimathub.de\/event\/lesung-lutz-van-dijk\/#breadcrumb","itemListElement":[{"@type":"ListItem","position":1,"name":"Startseite","item":"https:\/\/heimathub.de\/"},{"@type":"ListItem","position":2,"name":"Veranstaltungen","item":"https:\/\/heimathub.de\/events\/"},{"@type":"ListItem","position":3,"name":"Lesung: Lutz van Dijk"}]},{"@type":"WebSite","@id":"https:\/\/heimathub.de\/#website","url":"https:\/\/heimathub.de\/","name":"heimat:hub","description":"","potentialAction":[{"@type":"SearchAction","target":{"@type":"EntryPoint","urlTemplate":"https:\/\/heimathub.de\/?s={search_term_string}"},"query-input":{"@type":"PropertyValueSpecification","valueRequired":true,"valueName":"search_term_string"}}],"inLanguage":"de"}]}</script>
<!-- / Yoast SEO plugin. -->

Lutz van Dijk, geboren 1955 in Berlin, deutsch-niederländischer Schriftsteller, war zunächst Lehrer in Hamburg und später Mitarbeiter des Anne-Frank-Hauses in Amsterdam. Seine Dissertation am Fachbereich Erziehungswissenschaft an der Universität Hamburg [&hellip;]
