{"id":14158,"date":"2024-06-04T13:38:38","date_gmt":"2024-06-04T11:38:38","guid":{"rendered":"https:\/\/heimathub.de\/?post_type=tribe_events&#038;p=14158"},"modified":"2024-07-02T11:13:53","modified_gmt":"2024-07-02T09:13:53","slug":"sammlungstag-und-talkrunde-popmusik","status":"publish","type":"tribe_events","link":"https:\/\/heimathub.de\/event\/sammlungstag-und-talkrunde-popmusik\/","title":{"rendered":"Sammlungstag und Talkrunde Popmusik"},"content":{"rendered":"<div class=\"fusion-flexslider flexslider post-slideshow fusion-post-slideshow\">\n<p><strong>Let\u2019s talk about\u2026 POP (Talkrunde Popmusik, 11 Uhr)\u00a0<\/strong><\/p>\n<\/div>\n<div class=\"post-content\">\n<p>Wir stecken ja mittendrin in der Geschichte der Popmusik, das zeigen auch die bisherigen Reaktionen auf die Ausstellung POP AB. Am 6. Juli von 11 \u2013 12 Uhr laden die Ausstellungsmacher*innen zu einer spannenden Talkrunde ein!<br \/>\nAusstellungskurator Christian Hahn wird sich mit den Musikerinnen Sophia Halmen, Jessica Born, Lateesha Halmen und Corinna Lieb (tbc) \u00fcber ihre Geschichten unterhalten. Ob als Solok\u00fcnstlerinnen oder in Bands wie KOKO LORE, Jessica Born Band, Phonodrive und vielen mehr, die Musikerinnen stehen mitten drin in der Popgeschichte Aschaffenburgs und dar\u00fcber hinaus. So schreiben sie auch die Geschichte der Popmusik nicht nur hier in Aschaffenburg immer weiter.<br \/>\nAls weiterer Gast in der Runde wird Benjamin Haupt, Popularmusikbeauftragter in Unterfranken, seinen Blick auf die Szene in Aschaffenburg und der Region einbringen. Wir freuen uns auf einen Talk \u00fcber viele Jahrzehnte B\u00fchnenerfahrung, On-Stage, Back-Stage und mitten aus dem Leben der Musikerinnen!<\/p>\n<p><strong>Sammlungstag ab 10 Uhr<\/strong><\/p>\n<p>Vor- und nach der Talkrunde gibt es die M\u00f6glichkeit die Sammlung zur Popgeschichte Aschaffenburgs zu erweitern. Eigene Erinnerungsst\u00fccke k\u00f6nnen digitalisiert und ver\u00f6ffentlicht werden. Von 10 \u2013 14 Uhr steht an dem Tag das Team des Heimathub zur Verf\u00fcgung.<\/p>\n<\/div>\n","protected":false},"excerpt":{"rendered":"<p>Let\u2019s talk about\u2026 POP (Talkrunde Popmusik, 11 Uhr)\u00a0 Wir stecken ja mittendrin in der Geschichte der Popmusik, das zeigen auch die bisherigen Reaktionen auf die Ausstellung POP AB. Am 6. [&hellip;]<\/p>\n","protected":false},"author":22,"featured_media":13938,"template":"","meta":{"_acf_changed":false,"_price":"","_stock":"","_tribe_ticket_header":"","_tribe_default_ticket_provider":"","_tribe_ticket_capacity":"0","_ticket_start_date":"","_ticket_end_date":"","_tribe_ticket_show_description":"","_tribe_ticket_show_not_going":false,"_tribe_ticket_use_global_stock":"","_tribe_ticket_global_stock_level":"","_global_stock_mode":"","_global_stock_cap":"","_tribe_rsvp_for_event":"","_tribe_ticket_going_count":"","_tribe_ticket_not_going_count":"","_tribe_tickets_list":"[]","_tribe_ticket_has_attendee_info_fields":false,"_tribe_events_status":"","_tribe_events_status_reason":"","footnotes":"","_tec_slr_enabled":"","_tec_slr_layout":""},"tags":[838,840,86,212],"tribe_events_cat":[266,203,13],"class_list":["post-14158","tribe_events","type-tribe_events","status-publish","has-post-thumbnail","hentry","tag-pop","tag-musik","tag-aschaffenburg","tag-geschichte","tribe_events_cat-ausstellung","tribe_events_cat-austausch","tribe_events_cat-sonstiges","cat_ausstellung","cat_austausch","cat_sonstiges"],"acf":[],"yoast_head":"<!-- This site is optimized with the Yoast SEO plugin v27.5 - https:\/\/yoast.com\/product\/yoast-seo-wordpress\/ -->\n<title>Sammlungstag und Talkrunde Popmusik - heimat:hub<\/title>\n<meta name=\"robots\" content=\"index, follow, max-snippet:-1, max-image-preview:large, max-video-preview:-1\" \/>\n<link rel=\"canonical\" href=\"https:\/\/heimathub.de\/event\/sammlungstag-und-talkrunde-popmusik\/\" \/>\n<meta property=\"og:locale\" content=\"de_DE\" \/>\n<meta property=\"og:type\" content=\"article\" \/>\n<meta property=\"og:title\" content=\"Sammlungstag und Talkrunde Popmusik - heimat:hub\" \/>\n<meta property=\"og:description\" content=\"Let\u2019s talk about\u2026 POP (Talkrunde Popmusik, 11 Uhr)\u00a0 Wir stecken ja mittendrin in der Geschichte der Popmusik, das zeigen auch die bisherigen Reaktionen auf die Ausstellung POP AB. Am 6. [&hellip;]\" \/>\n<meta property=\"og:url\" content=\"https:\/\/heimathub.de\/event\/sammlungstag-und-talkrunde-popmusik\/\" \/>\n<meta property=\"og:site_name\" content=\"heimat:hub\" \/>\n<meta property=\"article:modified_time\" content=\"2024-07-02T09:13:53+00:00\" \/>\n<meta property=\"og:image\" content=\"https:\/\/heimathub.de\/wp-content\/uploads\/2024\/05\/PopAB_Bild-5.webp\" \/>\n\t<meta property=\"og:image:width\" content=\"1133\" \/>\n\t<meta property=\"og:image:height\" content=\"650\" \/>\n\t<meta property=\"og:image:type\" content=\"image\/webp\" \/>\n<meta name=\"twitter:card\" content=\"summary_large_image\" \/>\n<meta name=\"twitter:label1\" content=\"Gesch\u00e4tzte Lesezeit\" \/>\n\t<meta name=\"twitter:data1\" content=\"2\u00a0Minuten\" \/>\n<script type=\"application\/ld+json\" class=\"yoast-schema-graph\">{\"@context\":\"https:\\\/\\\/schema.org\",\"@graph\":[{\"@type\":\"WebPage\",\"@id\":\"https:\\\/\\\/heimathub.de\\\/event\\\/sammlungstag-und-talkrunde-popmusik\\\/\",\"url\":\"https:\\\/\\\/heimathub.de\\\/event\\\/sammlungstag-und-talkrunde-popmusik\\\/\",\"name\":\"Sammlungstag und Talkrunde Popmusik - heimat:hub\",\"isPartOf\":{\"@id\":\"https:\\\/\\\/heimathub.de\\\/#website\"},\"primaryImageOfPage\":{\"@id\":\"https:\\\/\\\/heimathub.de\\\/event\\\/sammlungstag-und-talkrunde-popmusik\\\/#primaryimage\"},\"image\":{\"@id\":\"https:\\\/\\\/heimathub.de\\\/event\\\/sammlungstag-und-talkrunde-popmusik\\\/#primaryimage\"},\"thumbnailUrl\":\"https:\\\/\\\/heimathub.de\\\/wp-content\\\/uploads\\\/2024\\\/05\\\/PopAB_Bild-5.webp\",\"datePublished\":\"2024-06-04T11:38:38+00:00\",\"dateModified\":\"2024-07-02T09:13:53+00:00\",\"breadcrumb\":{\"@id\":\"https:\\\/\\\/heimathub.de\\\/event\\\/sammlungstag-und-talkrunde-popmusik\\\/#breadcrumb\"},\"inLanguage\":\"de\",\"potentialAction\":[{\"@type\":\"ReadAction\",\"target\":[\"https:\\\/\\\/heimathub.de\\\/event\\\/sammlungstag-und-talkrunde-popmusik\\\/\"]}]},{\"@type\":\"ImageObject\",\"inLanguage\":\"de\",\"@id\":\"https:\\\/\\\/heimathub.de\\\/event\\\/sammlungstag-und-talkrunde-popmusik\\\/#primaryimage\",\"url\":\"https:\\\/\\\/heimathub.de\\\/wp-content\\\/uploads\\\/2024\\\/05\\\/PopAB_Bild-5.webp\",\"contentUrl\":\"https:\\\/\\\/heimathub.de\\\/wp-content\\\/uploads\\\/2024\\\/05\\\/PopAB_Bild-5.webp\",\"width\":1133,\"height\":650},{\"@type\":\"BreadcrumbList\",\"@id\":\"https:\\\/\\\/heimathub.de\\\/event\\\/sammlungstag-und-talkrunde-popmusik\\\/#breadcrumb\",\"itemListElement\":[{\"@type\":\"ListItem\",\"position\":1,\"name\":\"Startseite\",\"item\":\"https:\\\/\\\/heimathub.de\\\/\"},{\"@type\":\"ListItem\",\"position\":2,\"name\":\"Veranstaltungen\",\"item\":\"https:\\\/\\\/heimathub.de\\\/events\\\/\"},{\"@type\":\"ListItem\",\"position\":3,\"name\":\"Sammlungstag und Talkrunde Popmusik\"}]},{\"@type\":\"WebSite\",\"@id\":\"https:\\\/\\\/heimathub.de\\\/#website\",\"url\":\"https:\\\/\\\/heimathub.de\\\/\",\"name\":\"heimat:hub\",\"description\":\"\",\"potentialAction\":[{\"@type\":\"SearchAction\",\"target\":{\"@type\":\"EntryPoint\",\"urlTemplate\":\"https:\\\/\\\/heimathub.de\\\/?s={search_term_string}\"},\"query-input\":{\"@type\":\"PropertyValueSpecification\",\"valueRequired\":true,\"valueName\":\"search_term_string\"}}],\"inLanguage\":\"de\"}]}<\/script>\n<!-- \/ Yoast SEO plugin. -->","yoast_head_json":{"title":"Sammlungstag und Talkrunde Popmusik - heimat:hub","robots":{"index":"index","follow":"follow","max-snippet":"max-snippet:-1","max-image-preview":"max-image-preview:large","max-video-preview":"max-video-preview:-1"},"canonical":"https:\/\/heimathub.de\/event\/sammlungstag-und-talkrunde-popmusik\/","og_locale":"de_DE","og_type":"article","og_title":"Sammlungstag und Talkrunde Popmusik - heimat:hub","og_description":"Let\u2019s talk about\u2026 POP (Talkrunde Popmusik, 11 Uhr)\u00a0 Wir stecken ja mittendrin in der Geschichte der Popmusik, das zeigen auch die bisherigen Reaktionen auf die Ausstellung POP AB. Am 6. [&hellip;]","og_url":"https:\/\/heimathub.de\/event\/sammlungstag-und-talkrunde-popmusik\/","og_site_name":"heimat:hub","article_modified_time":"2024-07-02T09:13:53+00:00","og_image":[{"width":1133,"height":650,"url":"https:\/\/heimathub.de\/wp-content\/uploads\/2024\/05\/PopAB_Bild-5.webp","type":"image\/webp"}],"twitter_card":"summary_large_image","twitter_misc":{"Gesch\u00e4tzte Lesezeit":"2\u00a0Minuten"},"schema":{"@context":"https:\/\/schema.org","@graph":[{"@type":"WebPage","@id":"https:\/\/heimathub.de\/event\/sammlungstag-und-talkrunde-popmusik\/","url":"https:\/\/heimathub.de\/event\/sammlungstag-und-talkrunde-popmusik\/","name":"Sammlungstag und Talkrunde Popmusik - heimat:hub","isPartOf":{"@id":"https:\/\/heimathub.de\/#website"},"primaryImageOfPage":{"@id":"https:\/\/heimathub.de\/event\/sammlungstag-und-talkrunde-popmusik\/#primaryimage"},"image":{"@id":"https:\/\/heimathub.de\/event\/sammlungstag-und-talkrunde-popmusik\/#primaryimage"},"thumbnailUrl":"https:\/\/heimathub.de\/wp-content\/uploads\/2024\/05\/PopAB_Bild-5.webp","datePublished":"2024-06-04T11:38:38+00:00","dateModified":"2024-07-02T09:13:53+00:00","breadcrumb":{"@id":"https:\/\/heimathub.de\/event\/sammlungstag-und-talkrunde-popmusik\/#breadcrumb"},"inLanguage":"de","potentialAction":[{"@type":"ReadAction","target":["https:\/\/heimathub.de\/event\/sammlungstag-und-talkrunde-popmusik\/"]}]},{"@type":"ImageObject","inLanguage":"de","@id":"https:\/\/heimathub.de\/event\/sammlungstag-und-talkrunde-popmusik\/#primaryimage","url":"https:\/\/heimathub.de\/wp-content\/uploads\/2024\/05\/PopAB_Bild-5.webp","contentUrl":"https:\/\/heimathub.de\/wp-content\/uploads\/2024\/05\/PopAB_Bild-5.webp","width":1133,"height":650},{"@type":"BreadcrumbList","@id":"https:\/\/heimathub.de\/event\/sammlungstag-und-talkrunde-popmusik\/#breadcrumb","itemListElement":[{"@type":"ListItem","position":1,"name":"Startseite","item":"https:\/\/heimathub.de\/"},{"@type":"ListItem","position":2,"name":"Veranstaltungen","item":"https:\/\/heimathub.de\/events\/"},{"@type":"ListItem","position":3,"name":"Sammlungstag und Talkrunde Popmusik"}]},{"@type":"WebSite","@id":"https:\/\/heimathub.de\/#website","url":"https:\/\/heimathub.de\/","name":"heimat:hub","description":"","potentialAction":[{"@type":"SearchAction","target":{"@type":"EntryPoint","urlTemplate":"https:\/\/heimathub.de\/?s={search_term_string}"},"query-input":{"@type":"PropertyValueSpecification","valueRequired":true,"valueName":"search_term_string"}}],"inLanguage":"de"}]}},"ticketed":false,"_links":{"self":[{"href":"https:\/\/heimathub.de\/data\/wp\/v2\/tribe_events\/14158","targetHints":{"allow":["GET"]}}],"collection":[{"href":"https:\/\/heimathub.de\/data\/wp\/v2\/tribe_events"}],"about":[{"href":"https:\/\/heimathub.de\/data\/wp\/v2\/types\/tribe_events"}],"author":[{"embeddable":true,"href":"https:\/\/heimathub.de\/data\/wp\/v2\/users\/22"}],"version-history":[{"count":3,"href":"https:\/\/heimathub.de\/data\/wp\/v2\/tribe_events\/14158\/revisions"}],"predecessor-version":[{"id":14672,"href":"https:\/\/heimathub.de\/data\/wp\/v2\/tribe_events\/14158\/revisions\/14672"}],"wp:featuredmedia":[{"embeddable":true,"href":"https:\/\/heimathub.de\/data\/wp\/v2\/media\/13938"}],"wp:attachment":[{"href":"https:\/\/heimathub.de\/data\/wp\/v2\/media?parent=14158"}],"wp:term":[{"taxonomy":"post_tag","embeddable":true,"href":"https:\/\/heimathub.de\/data\/wp\/v2\/tags?post=14158"},{"taxonomy":"tribe_events_cat","embeddable":true,"href":"https:\/\/heimathub.de\/data\/wp\/v2\/tribe_events_cat?post=14158"}],"curies":[{"name":"wp","href":"https:\/\/api.w.org\/{rel}","templated":true}]}}

<div class="fusion-flexslider flexslider post-slideshow fusion-post-slideshow">
<p><strong>Let’s talk about… POP (Talkrunde Popmusik, 11 Uhr) </strong></p>
</div>
<div class="post-content">
<p>Wir stecken ja mittendrin in der Geschichte der Popmusik, das zeigen auch die bisherigen Reaktionen auf die Ausstellung POP AB. Am 6. Juli von 11 – 12 Uhr laden die Ausstellungsmacher*innen zu einer spannenden Talkrunde ein!<br />
Ausstellungskurator Christian Hahn wird sich mit den Musikerinnen Sophia Halmen, Jessica Born, Lateesha Halmen und Corinna Lieb (tbc) über ihre Geschichten unterhalten. Ob als Solokünstlerinnen oder in Bands wie KOKO LORE, Jessica Born Band, Phonodrive und vielen mehr, die Musikerinnen stehen mitten drin in der Popgeschichte Aschaffenburgs und darüber hinaus. So schreiben sie auch die Geschichte der Popmusik nicht nur hier in Aschaffenburg immer weiter.<br />
Als weiterer Gast in der Runde wird Benjamin Haupt, Popularmusikbeauftragter in Unterfranken, seinen Blick auf die Szene in Aschaffenburg und der Region einbringen. Wir freuen uns auf einen Talk über viele Jahrzehnte Bühnenerfahrung, On-Stage, Back-Stage und mitten aus dem Leben der Musikerinnen!</p>
<p><strong>Sammlungstag ab 10 Uhr</strong></p>
<p>Vor- und nach der Talkrunde gibt es die Möglichkeit die Sammlung zur Popgeschichte Aschaffenburgs zu erweitern. Eigene Erinnerungsstücke können digitalisiert und veröffentlicht werden. Von 10 – 14 Uhr steht an dem Tag das Team des Heimathub zur Verfügung.</p>
</div>

<!-- This site is optimized with the Yoast SEO plugin v27.5 - https://yoast.com/product/yoast-seo-wordpress/ -->
<title>Sammlungstag und Talkrunde Popmusik - heimat:hub</title>
<meta name="robots" content="index, follow, max-snippet:-1, max-image-preview:large, max-video-preview:-1" />
<link rel="canonical" href="https://heimathub.de/event/sammlungstag-und-talkrunde-popmusik/" />
<meta property="og:locale" content="de_DE" />
<meta property="og:type" content="article" />
<meta property="og:title" content="Sammlungstag und Talkrunde Popmusik - heimat:hub" />
<meta property="og:description" content="Let’s talk about… POP (Talkrunde Popmusik, 11 Uhr)  Wir stecken ja mittendrin in der Geschichte der Popmusik, das zeigen auch die bisherigen Reaktionen auf die Ausstellung POP AB. Am 6. [&hellip;]" />
<meta property="og:url" content="https://heimathub.de/event/sammlungstag-und-talkrunde-popmusik/" />
<meta property="og:site_name" content="heimat:hub" />
<meta property="article:modified_time" content="2024-07-02T09:13:53+00:00" />
<meta property="og:image" content="https://heimathub.de/wp-content/uploads/2024/05/PopAB_Bild-5.webp" />
	<meta property="og:image:width" content="1133" />
	<meta property="og:image:height" content="650" />
	<meta property="og:image:type" content="image/webp" />
<meta name="twitter:card" content="summary_large_image" />
<meta name="twitter:label1" content="Geschätzte Lesezeit" />
	<meta name="twitter:data1" content="2 Minuten" />
<script type="application/ld+json" class="yoast-schema-graph">{"@context":"https:\/\/schema.org","@graph":[{"@type":"WebPage","@id":"https:\/\/heimathub.de\/event\/sammlungstag-und-talkrunde-popmusik\/","url":"https:\/\/heimathub.de\/event\/sammlungstag-und-talkrunde-popmusik\/","name":"Sammlungstag und Talkrunde Popmusik - heimat:hub","isPartOf":{"@id":"https:\/\/heimathub.de\/#website"},"primaryImageOfPage":{"@id":"https:\/\/heimathub.de\/event\/sammlungstag-und-talkrunde-popmusik\/#primaryimage"},"image":{"@id":"https:\/\/heimathub.de\/event\/sammlungstag-und-talkrunde-popmusik\/#primaryimage"},"thumbnailUrl":"https:\/\/heimathub.de\/wp-content\/uploads\/2024\/05\/PopAB_Bild-5.webp","datePublished":"2024-06-04T11:38:38+00:00","dateModified":"2024-07-02T09:13:53+00:00","breadcrumb":{"@id":"https:\/\/heimathub.de\/event\/sammlungstag-und-talkrunde-popmusik\/#breadcrumb"},"inLanguage":"de","potentialAction":[{"@type":"ReadAction","target":["https:\/\/heimathub.de\/event\/sammlungstag-und-talkrunde-popmusik\/"]}]},{"@type":"ImageObject","inLanguage":"de","@id":"https:\/\/heimathub.de\/event\/sammlungstag-und-talkrunde-popmusik\/#primaryimage","url":"https:\/\/heimathub.de\/wp-content\/uploads\/2024\/05\/PopAB_Bild-5.webp","contentUrl":"https:\/\/heimathub.de\/wp-content\/uploads\/2024\/05\/PopAB_Bild-5.webp","width":1133,"height":650},{"@type":"BreadcrumbList","@id":"https:\/\/heimathub.de\/event\/sammlungstag-und-talkrunde-popmusik\/#breadcrumb","itemListElement":[{"@type":"ListItem","position":1,"name":"Startseite","item":"https:\/\/heimathub.de\/"},{"@type":"ListItem","position":2,"name":"Veranstaltungen","item":"https:\/\/heimathub.de\/events\/"},{"@type":"ListItem","position":3,"name":"Sammlungstag und Talkrunde Popmusik"}]},{"@type":"WebSite","@id":"https:\/\/heimathub.de\/#website","url":"https:\/\/heimathub.de\/","name":"heimat:hub","description":"","potentialAction":[{"@type":"SearchAction","target":{"@type":"EntryPoint","urlTemplate":"https:\/\/heimathub.de\/?s={search_term_string}"},"query-input":{"@type":"PropertyValueSpecification","valueRequired":true,"valueName":"search_term_string"}}],"inLanguage":"de"}]}</script>
<!-- / Yoast SEO plugin. -->
