{"id":13788,"date":"2024-04-18T10:33:04","date_gmt":"2024-04-18T08:33:04","guid":{"rendered":"https:\/\/heimathub.de\/?post_type=tribe_events&#038;p=13788"},"modified":"2024-04-18T10:33:04","modified_gmt":"2024-04-18T08:33:04","slug":"vortrag-zur-arbeit-des-volksbundes-deutscher-kriegsgraeberfuersorge","status":"publish","type":"tribe_events","link":"https:\/\/heimathub.de\/event\/vortrag-zur-arbeit-des-volksbundes-deutscher-kriegsgraeberfuersorge\/","title":{"rendered":"Vortrag zur Arbeit des Volksbundes Deutscher Kriegsgr\u00e4berf\u00fcrsorge"},"content":{"rendered":"<p>\u201eStumme Zeugen f\u00fcr die Ewigkeit \u2013 Kriegsgr\u00e4berst\u00e4tten als Mahnmale\u201c<br \/>\nEs spricht Oliver Bauer, der Bezirksgesch\u00e4ftsf\u00fchrer des Volksbundes Deutscher<br \/>\nKriegsgr\u00e4berf\u00fcrsorge, \u00fcber die Arbeit des Volksbundes in Unterfranken.<br \/>\nIdee und Anliegen der Kriegsgr\u00e4berf\u00fcrsorge sind auch 100 Jahre nach Gr\u00fcndung des<br \/>\nVolksbundes und beinahe ein dreiviertel Jahrhundert nach Ende des Zweiten Weltkriegs<br \/>\nvon gro\u00dfer Aktualit\u00e4t. Der Volksbund tr\u00e4gt wesentlich dazu bei, die Erinnerung an die<br \/>\nFolgen von Krieg und Gewaltherrschaft wachzuhalten. In einer Zeit, in der die Stimmen<br \/>\nder Zeitzeugen des Zweiten Weltkriegs verstummen, sind die Millionen von<br \/>\nSoldatengr\u00e4bern beider Weltkriege mehr denn je eine stille Mahnung f\u00fcr alle<br \/>\nGenerationen.<\/p>\n","protected":false},"excerpt":{"rendered":"<p>\u201eStumme Zeugen f\u00fcr die Ewigkeit \u2013 Kriegsgr\u00e4berst\u00e4tten als Mahnmale\u201c Es spricht Oliver Bauer, der Bezirksgesch\u00e4ftsf\u00fchrer des Volksbundes Deutscher Kriegsgr\u00e4berf\u00fcrsorge, \u00fcber die Arbeit des Volksbundes in Unterfranken. Idee und Anliegen der [&hellip;]<\/p>\n","protected":false},"author":21,"featured_media":7141,"template":"","meta":{"_acf_changed":false,"_price":"","_stock":"","_tribe_ticket_header":"","_tribe_default_ticket_provider":"","_tribe_ticket_capacity":"0","_ticket_start_date":"","_ticket_end_date":"","_tribe_ticket_show_description":"","_tribe_ticket_show_not_going":false,"_tribe_ticket_use_global_stock":"","_tribe_ticket_global_stock_level":"","_global_stock_mode":"","_global_stock_cap":"","_tribe_rsvp_for_event":"","_tribe_ticket_going_count":"","_tribe_ticket_not_going_count":"","_tribe_tickets_list":"[]","_tribe_ticket_has_attendee_info_fields":false,"_tribe_events_status":"","_tribe_events_status_reason":"","footnotes":"","_tec_slr_enabled":"","_tec_slr_layout":""},"tags":[],"tribe_events_cat":[12],"class_list":["post-13788","tribe_events","type-tribe_events","status-publish","has-post-thumbnail","hentry","tribe_events_cat-vortrag","cat_vortrag"],"acf":[],"yoast_head":"<!-- This site is optimized with the Yoast SEO plugin v27.5 - https:\/\/yoast.com\/product\/yoast-seo-wordpress\/ -->\n<title>Vortrag zur Arbeit des Volksbundes Deutscher Kriegsgr\u00e4berf\u00fcrsorge - heimat:hub<\/title>\n<meta name=\"robots\" content=\"index, follow, max-snippet:-1, max-image-preview:large, max-video-preview:-1\" \/>\n<link rel=\"canonical\" href=\"https:\/\/heimathub.de\/event\/vortrag-zur-arbeit-des-volksbundes-deutscher-kriegsgraeberfuersorge\/\" \/>\n<meta property=\"og:locale\" content=\"de_DE\" \/>\n<meta property=\"og:type\" content=\"article\" \/>\n<meta property=\"og:title\" content=\"Vortrag zur Arbeit des Volksbundes Deutscher Kriegsgr\u00e4berf\u00fcrsorge - heimat:hub\" \/>\n<meta property=\"og:description\" content=\"\u201eStumme Zeugen f\u00fcr die Ewigkeit \u2013 Kriegsgr\u00e4berst\u00e4tten als Mahnmale\u201c Es spricht Oliver Bauer, der Bezirksgesch\u00e4ftsf\u00fchrer des Volksbundes Deutscher Kriegsgr\u00e4berf\u00fcrsorge, \u00fcber die Arbeit des Volksbundes in Unterfranken. Idee und Anliegen der [&hellip;]\" \/>\n<meta property=\"og:url\" content=\"https:\/\/heimathub.de\/event\/vortrag-zur-arbeit-des-volksbundes-deutscher-kriegsgraeberfuersorge\/\" \/>\n<meta property=\"og:site_name\" content=\"heimat:hub\" \/>\n<meta property=\"og:image\" content=\"https:\/\/heimathub.de\/wp-content\/uploads\/2023\/04\/Logo-HGV-Haibach.jpg\" \/>\n\t<meta property=\"og:image:width\" content=\"567\" \/>\n\t<meta property=\"og:image:height\" content=\"567\" \/>\n\t<meta property=\"og:image:type\" content=\"image\/jpeg\" \/>\n<meta name=\"twitter:card\" content=\"summary_large_image\" \/>\n<meta name=\"twitter:label1\" content=\"Gesch\u00e4tzte Lesezeit\" \/>\n\t<meta name=\"twitter:data1\" content=\"1\u00a0Minute\" \/>\n<script type=\"application\/ld+json\" class=\"yoast-schema-graph\">{\"@context\":\"https:\\\/\\\/schema.org\",\"@graph\":[{\"@type\":\"WebPage\",\"@id\":\"https:\\\/\\\/heimathub.de\\\/event\\\/vortrag-zur-arbeit-des-volksbundes-deutscher-kriegsgraeberfuersorge\\\/\",\"url\":\"https:\\\/\\\/heimathub.de\\\/event\\\/vortrag-zur-arbeit-des-volksbundes-deutscher-kriegsgraeberfuersorge\\\/\",\"name\":\"Vortrag zur Arbeit des Volksbundes Deutscher Kriegsgr\u00e4berf\u00fcrsorge - heimat:hub\",\"isPartOf\":{\"@id\":\"https:\\\/\\\/heimathub.de\\\/#website\"},\"primaryImageOfPage\":{\"@id\":\"https:\\\/\\\/heimathub.de\\\/event\\\/vortrag-zur-arbeit-des-volksbundes-deutscher-kriegsgraeberfuersorge\\\/#primaryimage\"},\"image\":{\"@id\":\"https:\\\/\\\/heimathub.de\\\/event\\\/vortrag-zur-arbeit-des-volksbundes-deutscher-kriegsgraeberfuersorge\\\/#primaryimage\"},\"thumbnailUrl\":\"https:\\\/\\\/heimathub.de\\\/wp-content\\\/uploads\\\/2023\\\/04\\\/Logo-HGV-Haibach.jpg\",\"datePublished\":\"2024-04-18T08:33:04+00:00\",\"breadcrumb\":{\"@id\":\"https:\\\/\\\/heimathub.de\\\/event\\\/vortrag-zur-arbeit-des-volksbundes-deutscher-kriegsgraeberfuersorge\\\/#breadcrumb\"},\"inLanguage\":\"de\",\"potentialAction\":[{\"@type\":\"ReadAction\",\"target\":[\"https:\\\/\\\/heimathub.de\\\/event\\\/vortrag-zur-arbeit-des-volksbundes-deutscher-kriegsgraeberfuersorge\\\/\"]}]},{\"@type\":\"ImageObject\",\"inLanguage\":\"de\",\"@id\":\"https:\\\/\\\/heimathub.de\\\/event\\\/vortrag-zur-arbeit-des-volksbundes-deutscher-kriegsgraeberfuersorge\\\/#primaryimage\",\"url\":\"https:\\\/\\\/heimathub.de\\\/wp-content\\\/uploads\\\/2023\\\/04\\\/Logo-HGV-Haibach.jpg\",\"contentUrl\":\"https:\\\/\\\/heimathub.de\\\/wp-content\\\/uploads\\\/2023\\\/04\\\/Logo-HGV-Haibach.jpg\",\"width\":567,\"height\":567},{\"@type\":\"BreadcrumbList\",\"@id\":\"https:\\\/\\\/heimathub.de\\\/event\\\/vortrag-zur-arbeit-des-volksbundes-deutscher-kriegsgraeberfuersorge\\\/#breadcrumb\",\"itemListElement\":[{\"@type\":\"ListItem\",\"position\":1,\"name\":\"Startseite\",\"item\":\"https:\\\/\\\/heimathub.de\\\/\"},{\"@type\":\"ListItem\",\"position\":2,\"name\":\"Veranstaltungen\",\"item\":\"https:\\\/\\\/heimathub.de\\\/events\\\/\"},{\"@type\":\"ListItem\",\"position\":3,\"name\":\"Vortrag zur Arbeit des Volksbundes Deutscher Kriegsgr\u00e4berf\u00fcrsorge\"}]},{\"@type\":\"WebSite\",\"@id\":\"https:\\\/\\\/heimathub.de\\\/#website\",\"url\":\"https:\\\/\\\/heimathub.de\\\/\",\"name\":\"heimat:hub\",\"description\":\"\",\"potentialAction\":[{\"@type\":\"SearchAction\",\"target\":{\"@type\":\"EntryPoint\",\"urlTemplate\":\"https:\\\/\\\/heimathub.de\\\/?s={search_term_string}\"},\"query-input\":{\"@type\":\"PropertyValueSpecification\",\"valueRequired\":true,\"valueName\":\"search_term_string\"}}],\"inLanguage\":\"de\"}]}<\/script>\n<!-- \/ Yoast SEO plugin. -->","yoast_head_json":{"title":"Vortrag zur Arbeit des Volksbundes Deutscher Kriegsgr\u00e4berf\u00fcrsorge - heimat:hub","robots":{"index":"index","follow":"follow","max-snippet":"max-snippet:-1","max-image-preview":"max-image-preview:large","max-video-preview":"max-video-preview:-1"},"canonical":"https:\/\/heimathub.de\/event\/vortrag-zur-arbeit-des-volksbundes-deutscher-kriegsgraeberfuersorge\/","og_locale":"de_DE","og_type":"article","og_title":"Vortrag zur Arbeit des Volksbundes Deutscher Kriegsgr\u00e4berf\u00fcrsorge - heimat:hub","og_description":"\u201eStumme Zeugen f\u00fcr die Ewigkeit \u2013 Kriegsgr\u00e4berst\u00e4tten als Mahnmale\u201c Es spricht Oliver Bauer, der Bezirksgesch\u00e4ftsf\u00fchrer des Volksbundes Deutscher Kriegsgr\u00e4berf\u00fcrsorge, \u00fcber die Arbeit des Volksbundes in Unterfranken. Idee und Anliegen der [&hellip;]","og_url":"https:\/\/heimathub.de\/event\/vortrag-zur-arbeit-des-volksbundes-deutscher-kriegsgraeberfuersorge\/","og_site_name":"heimat:hub","og_image":[{"width":567,"height":567,"url":"https:\/\/heimathub.de\/wp-content\/uploads\/2023\/04\/Logo-HGV-Haibach.jpg","type":"image\/jpeg"}],"twitter_card":"summary_large_image","twitter_misc":{"Gesch\u00e4tzte Lesezeit":"1\u00a0Minute"},"schema":{"@context":"https:\/\/schema.org","@graph":[{"@type":"WebPage","@id":"https:\/\/heimathub.de\/event\/vortrag-zur-arbeit-des-volksbundes-deutscher-kriegsgraeberfuersorge\/","url":"https:\/\/heimathub.de\/event\/vortrag-zur-arbeit-des-volksbundes-deutscher-kriegsgraeberfuersorge\/","name":"Vortrag zur Arbeit des Volksbundes Deutscher Kriegsgr\u00e4berf\u00fcrsorge - heimat:hub","isPartOf":{"@id":"https:\/\/heimathub.de\/#website"},"primaryImageOfPage":{"@id":"https:\/\/heimathub.de\/event\/vortrag-zur-arbeit-des-volksbundes-deutscher-kriegsgraeberfuersorge\/#primaryimage"},"image":{"@id":"https:\/\/heimathub.de\/event\/vortrag-zur-arbeit-des-volksbundes-deutscher-kriegsgraeberfuersorge\/#primaryimage"},"thumbnailUrl":"https:\/\/heimathub.de\/wp-content\/uploads\/2023\/04\/Logo-HGV-Haibach.jpg","datePublished":"2024-04-18T08:33:04+00:00","breadcrumb":{"@id":"https:\/\/heimathub.de\/event\/vortrag-zur-arbeit-des-volksbundes-deutscher-kriegsgraeberfuersorge\/#breadcrumb"},"inLanguage":"de","potentialAction":[{"@type":"ReadAction","target":["https:\/\/heimathub.de\/event\/vortrag-zur-arbeit-des-volksbundes-deutscher-kriegsgraeberfuersorge\/"]}]},{"@type":"ImageObject","inLanguage":"de","@id":"https:\/\/heimathub.de\/event\/vortrag-zur-arbeit-des-volksbundes-deutscher-kriegsgraeberfuersorge\/#primaryimage","url":"https:\/\/heimathub.de\/wp-content\/uploads\/2023\/04\/Logo-HGV-Haibach.jpg","contentUrl":"https:\/\/heimathub.de\/wp-content\/uploads\/2023\/04\/Logo-HGV-Haibach.jpg","width":567,"height":567},{"@type":"BreadcrumbList","@id":"https:\/\/heimathub.de\/event\/vortrag-zur-arbeit-des-volksbundes-deutscher-kriegsgraeberfuersorge\/#breadcrumb","itemListElement":[{"@type":"ListItem","position":1,"name":"Startseite","item":"https:\/\/heimathub.de\/"},{"@type":"ListItem","position":2,"name":"Veranstaltungen","item":"https:\/\/heimathub.de\/events\/"},{"@type":"ListItem","position":3,"name":"Vortrag zur Arbeit des Volksbundes Deutscher Kriegsgr\u00e4berf\u00fcrsorge"}]},{"@type":"WebSite","@id":"https:\/\/heimathub.de\/#website","url":"https:\/\/heimathub.de\/","name":"heimat:hub","description":"","potentialAction":[{"@type":"SearchAction","target":{"@type":"EntryPoint","urlTemplate":"https:\/\/heimathub.de\/?s={search_term_string}"},"query-input":{"@type":"PropertyValueSpecification","valueRequired":true,"valueName":"search_term_string"}}],"inLanguage":"de"}]}},"ticketed":false,"_links":{"self":[{"href":"https:\/\/heimathub.de\/data\/wp\/v2\/tribe_events\/13788","targetHints":{"allow":["GET"]}}],"collection":[{"href":"https:\/\/heimathub.de\/data\/wp\/v2\/tribe_events"}],"about":[{"href":"https:\/\/heimathub.de\/data\/wp\/v2\/types\/tribe_events"}],"author":[{"embeddable":true,"href":"https:\/\/heimathub.de\/data\/wp\/v2\/users\/21"}],"version-history":[{"count":1,"href":"https:\/\/heimathub.de\/data\/wp\/v2\/tribe_events\/13788\/revisions"}],"predecessor-version":[{"id":13789,"href":"https:\/\/heimathub.de\/data\/wp\/v2\/tribe_events\/13788\/revisions\/13789"}],"wp:featuredmedia":[{"embeddable":true,"href":"https:\/\/heimathub.de\/data\/wp\/v2\/media\/7141"}],"wp:attachment":[{"href":"https:\/\/heimathub.de\/data\/wp\/v2\/media?parent=13788"}],"wp:term":[{"taxonomy":"post_tag","embeddable":true,"href":"https:\/\/heimathub.de\/data\/wp\/v2\/tags?post=13788"},{"taxonomy":"tribe_events_cat","embeddable":true,"href":"https:\/\/heimathub.de\/data\/wp\/v2\/tribe_events_cat?post=13788"}],"curies":[{"name":"wp","href":"https:\/\/api.w.org\/{rel}","templated":true}]}}

Vortrag zur Arbeit des Volksbundes Deutscher Kriegsgräberfürsorge

<p>„Stumme Zeugen für die Ewigkeit – Kriegsgräberstätten als Mahnmale“<br />
Es spricht Oliver Bauer, der Bezirksgeschäftsführer des Volksbundes Deutscher<br />
Kriegsgräberfürsorge, über die Arbeit des Volksbundes in Unterfranken.<br />
Idee und Anliegen der Kriegsgräberfürsorge sind auch 100 Jahre nach Gründung des<br />
Volksbundes und beinahe ein dreiviertel Jahrhundert nach Ende des Zweiten Weltkriegs<br />
von großer Aktualität. Der Volksbund trägt wesentlich dazu bei, die Erinnerung an die<br />
Folgen von Krieg und Gewaltherrschaft wachzuhalten. In einer Zeit, in der die Stimmen<br />
der Zeitzeugen des Zweiten Weltkriegs verstummen, sind die Millionen von<br />
Soldatengräbern beider Weltkriege mehr denn je eine stille Mahnung für alle<br />
Generationen.</p>

<p>„Stumme Zeugen für die Ewigkeit – Kriegsgräberstätten als Mahnmale“ Es spricht Oliver Bauer, der Bezirksgeschäftsführer des Volksbundes Deutscher Kriegsgräberfürsorge, über die Arbeit des Volksbundes in Unterfranken. Idee und Anliegen der [&hellip;]</p>

<!-- This site is optimized with the Yoast SEO plugin v27.5 - https://yoast.com/product/yoast-seo-wordpress/ -->
<title>Vortrag zur Arbeit des Volksbundes Deutscher Kriegsgräberfürsorge - heimat:hub</title>
<meta name="robots" content="index, follow, max-snippet:-1, max-image-preview:large, max-video-preview:-1" />
<link rel="canonical" href="https://heimathub.de/event/vortrag-zur-arbeit-des-volksbundes-deutscher-kriegsgraeberfuersorge/" />
<meta property="og:locale" content="de_DE" />
<meta property="og:type" content="article" />
<meta property="og:title" content="Vortrag zur Arbeit des Volksbundes Deutscher Kriegsgräberfürsorge - heimat:hub" />
<meta property="og:description" content="„Stumme Zeugen für die Ewigkeit – Kriegsgräberstätten als Mahnmale“ Es spricht Oliver Bauer, der Bezirksgeschäftsführer des Volksbundes Deutscher Kriegsgräberfürsorge, über die Arbeit des Volksbundes in Unterfranken. Idee und Anliegen der [&hellip;]" />
<meta property="og:url" content="https://heimathub.de/event/vortrag-zur-arbeit-des-volksbundes-deutscher-kriegsgraeberfuersorge/" />
<meta property="og:site_name" content="heimat:hub" />
<meta property="og:image" content="https://heimathub.de/wp-content/uploads/2023/04/Logo-HGV-Haibach.jpg" />
	<meta property="og:image:width" content="567" />
	<meta property="og:image:height" content="567" />
	<meta property="og:image:type" content="image/jpeg" />
<meta name="twitter:card" content="summary_large_image" />
<meta name="twitter:label1" content="Geschätzte Lesezeit" />
	<meta name="twitter:data1" content="1 Minute" />
<script type="application/ld+json" class="yoast-schema-graph">{"@context":"https:\/\/schema.org","@graph":[{"@type":"WebPage","@id":"https:\/\/heimathub.de\/event\/vortrag-zur-arbeit-des-volksbundes-deutscher-kriegsgraeberfuersorge\/","url":"https:\/\/heimathub.de\/event\/vortrag-zur-arbeit-des-volksbundes-deutscher-kriegsgraeberfuersorge\/","name":"Vortrag zur Arbeit des Volksbundes Deutscher Kriegsgräberfürsorge - heimat:hub","isPartOf":{"@id":"https:\/\/heimathub.de\/#website"},"primaryImageOfPage":{"@id":"https:\/\/heimathub.de\/event\/vortrag-zur-arbeit-des-volksbundes-deutscher-kriegsgraeberfuersorge\/#primaryimage"},"image":{"@id":"https:\/\/heimathub.de\/event\/vortrag-zur-arbeit-des-volksbundes-deutscher-kriegsgraeberfuersorge\/#primaryimage"},"thumbnailUrl":"https:\/\/heimathub.de\/wp-content\/uploads\/2023\/04\/Logo-HGV-Haibach.jpg","datePublished":"2024-04-18T08:33:04+00:00","breadcrumb":{"@id":"https:\/\/heimathub.de\/event\/vortrag-zur-arbeit-des-volksbundes-deutscher-kriegsgraeberfuersorge\/#breadcrumb"},"inLanguage":"de","potentialAction":[{"@type":"ReadAction","target":["https:\/\/heimathub.de\/event\/vortrag-zur-arbeit-des-volksbundes-deutscher-kriegsgraeberfuersorge\/"]}]},{"@type":"ImageObject","inLanguage":"de","@id":"https:\/\/heimathub.de\/event\/vortrag-zur-arbeit-des-volksbundes-deutscher-kriegsgraeberfuersorge\/#primaryimage","url":"https:\/\/heimathub.de\/wp-content\/uploads\/2023\/04\/Logo-HGV-Haibach.jpg","contentUrl":"https:\/\/heimathub.de\/wp-content\/uploads\/2023\/04\/Logo-HGV-Haibach.jpg","width":567,"height":567},{"@type":"BreadcrumbList","@id":"https:\/\/heimathub.de\/event\/vortrag-zur-arbeit-des-volksbundes-deutscher-kriegsgraeberfuersorge\/#breadcrumb","itemListElement":[{"@type":"ListItem","position":1,"name":"Startseite","item":"https:\/\/heimathub.de\/"},{"@type":"ListItem","position":2,"name":"Veranstaltungen","item":"https:\/\/heimathub.de\/events\/"},{"@type":"ListItem","position":3,"name":"Vortrag zur Arbeit des Volksbundes Deutscher Kriegsgräberfürsorge"}]},{"@type":"WebSite","@id":"https:\/\/heimathub.de\/#website","url":"https:\/\/heimathub.de\/","name":"heimat:hub","description":"","potentialAction":[{"@type":"SearchAction","target":{"@type":"EntryPoint","urlTemplate":"https:\/\/heimathub.de\/?s={search_term_string}"},"query-input":{"@type":"PropertyValueSpecification","valueRequired":true,"valueName":"search_term_string"}}],"inLanguage":"de"}]}</script>
<!-- / Yoast SEO plugin. -->

Vortrag zur Arbeit des Volksbundes Deutscher Kriegsgräberfürsorge - heimat:hub

„Stumme Zeugen für die Ewigkeit – Kriegsgräberstätten als Mahnmale“ Es spricht Oliver Bauer, der Bezirksgeschäftsführer des Volksbundes Deutscher Kriegsgräberfürsorge, über die Arbeit des Volksbundes in Unterfranken. Idee und Anliegen der [&hellip;]
