{"id":12507,"date":"2024-02-27T12:11:26","date_gmt":"2024-02-27T11:11:26","guid":{"rendered":"https:\/\/heimathub.de\/?post_type=tribe_events&#038;p=12507"},"modified":"2024-03-05T16:10:27","modified_gmt":"2024-03-05T15:10:27","slug":"enthuellung-der-elisabeth-dering-ehrenplakette","status":"publish","type":"tribe_events","link":"https:\/\/heimathub.de\/event\/enthuellung-der-elisabeth-dering-ehrenplakette\/","title":{"rendered":"Enth\u00fcllung der Elisabeth Dering Ehrenplakette"},"content":{"rendered":"<p>Auftakt um 14.00 Uhr im Schloss Johannisburg, Aschaffenburg<br \/>\nAusstellung \u201eElisabeth Dering, Portr\u00e4tmalerei\u201c<\/p>\n<h3>Programm:<\/h3>\n<ul>\n<li>Begr\u00fc\u00dfung und Vorstellung der Initiative FrauenMachenGeschichte<br \/>\nDr. Anika Magath<\/li>\n<li>Ansprache zu Elisabeth Dering, K\u00fcnstlerin des 20. Jahrhunderts der Stadt Aschaffenburg<br \/>\nAnne Hundhausen<\/li>\n<li>Ortswechsel: Karlstra\u00dfe 1a, Enth\u00fcllung der Plakette am Wohnhaus der K\u00fcnstlerin Elisabeth Dering-Schunk<\/li>\n<li>Sektausschank und musikalische Begleitung<\/li>\n<\/ul>\n<p><strong>Elisabeth Dering:<\/strong><br \/>\nDie Malerin, Galeristin und P\u00e4dagogin Elisabeth Dering (25.3.1921 Husum \u2013 5.12.1997 Aschaffenburg) studierte an der Akademie der K\u00fcnste in M\u00fcnchen. 1954 kommt sie \u00fcber ihren Mann nach Aschaffenburg und er\u00f6ffnet in der Dalbergstra\u00dfe, sp\u00e4ter in der Karlstra\u00dfe ihr Atelier. Der auch als Galerie und Malschule genutzte Standort wird schnell zum Zentrum f\u00fcr Kunstinteressierte.<br \/>\nSie malt im Stil des Sp\u00e4texpressionismus ihre Umgebung; Landschaften, Stadtansichten, Stillleben, Tierdarstellungen und h\u00e4lt viele Aschaffenburger: innen in Portr\u00e4tbildern fest. Werke von ihr, darunter auch Zeichnungen und Druckgrafik, sind im Besitz der St\u00e4dtischen Museen.<\/p>\n<p><strong>FrauenMachenGeschichte:<\/strong><br \/>\nDenkmalprojekt f\u00fcr die Sichtbarkeit historischer Frauen im Stadtbild von Aschaffenburg. Initiative von Anne Hundhausen, Dr. Anika Magath, Rosi Ruf und Dr. Monika Schmittner.<\/p>\n<p><strong>Bisherige Ehrenplaketten:<\/strong><br \/>\n2023 Grete Pierenk\u00e4mper, Ballettmeisterin, Stadttheater\/Karlsplatz<br \/>\n2022 Auguste Haarl\u00e4nder, Dichterin, W\u00fcrzburger Stra\u00dfe 18<\/p>\n<p>Mit freundlicher Unterst\u00fctzung: Museen der Stadt Aschaffenburg, Zonta Club Aschaffenburg, Weinstube Kitz<\/p>\n","protected":false},"excerpt":{"rendered":"<p>Auftakt um 14.00 Uhr im Schloss Johannisburg, Aschaffenburg Ausstellung \u201eElisabeth Dering, Portr\u00e4tmalerei\u201c Programm: Begr\u00fc\u00dfung und Vorstellung der Initiative FrauenMachenGeschichte Dr. Anika Magath Ansprache zu Elisabeth Dering, K\u00fcnstlerin des 20. Jahrhunderts [&hellip;]<\/p>\n","protected":false},"author":22,"featured_media":12516,"template":"","meta":{"_acf_changed":false,"_price":"","_stock":"","_tribe_ticket_header":"","_tribe_default_ticket_provider":"","_tribe_ticket_capacity":"0","_ticket_start_date":"","_ticket_end_date":"","_tribe_ticket_show_description":"","_tribe_ticket_show_not_going":false,"_tribe_ticket_use_global_stock":"","_tribe_ticket_global_stock_level":"","_global_stock_mode":"","_global_stock_cap":"","_tribe_rsvp_for_event":"","_tribe_ticket_going_count":"","_tribe_ticket_not_going_count":"","_tribe_tickets_list":"[]","_tribe_ticket_has_attendee_info_fields":false,"_tribe_events_status":"","_tribe_events_status_reason":"","footnotes":"","_tec_slr_enabled":"","_tec_slr_layout":""},"tags":[86,212,847],"tribe_events_cat":[181],"class_list":["post-12507","tribe_events","type-tribe_events","status-publish","has-post-thumbnail","hentry","tag-aschaffenburg","tag-geschichte","tag-frauen","tribe_events_cat-gedenkveranstaltung","cat_gedenkveranstaltung"],"acf":[],"yoast_head":"<!-- This site is optimized with the Yoast SEO plugin v27.4 - https:\/\/yoast.com\/product\/yoast-seo-wordpress\/ -->\n<title>Enth\u00fcllung der Elisabeth Dering Ehrenplakette - heimat:hub<\/title>\n<meta name=\"robots\" content=\"index, follow, max-snippet:-1, max-image-preview:large, max-video-preview:-1\" \/>\n<link rel=\"canonical\" href=\"https:\/\/heimathub.de\/event\/enthuellung-der-elisabeth-dering-ehrenplakette\/\" \/>\n<meta property=\"og:locale\" content=\"de_DE\" \/>\n<meta property=\"og:type\" content=\"article\" \/>\n<meta property=\"og:title\" content=\"Enth\u00fcllung der Elisabeth Dering Ehrenplakette - heimat:hub\" \/>\n<meta property=\"og:description\" content=\"Auftakt um 14.00 Uhr im Schloss Johannisburg, Aschaffenburg Ausstellung \u201eElisabeth Dering, Portr\u00e4tmalerei\u201c Programm: Begr\u00fc\u00dfung und Vorstellung der Initiative FrauenMachenGeschichte Dr. Anika Magath Ansprache zu Elisabeth Dering, K\u00fcnstlerin des 20. Jahrhunderts [&hellip;]\" \/>\n<meta property=\"og:url\" content=\"https:\/\/heimathub.de\/event\/enthuellung-der-elisabeth-dering-ehrenplakette\/\" \/>\n<meta property=\"og:site_name\" content=\"heimat:hub\" \/>\n<meta property=\"article:modified_time\" content=\"2024-03-05T15:10:27+00:00\" \/>\n<meta property=\"og:image\" content=\"https:\/\/heimathub.de\/wp-content\/uploads\/2024\/02\/0a.jpg\" \/>\n\t<meta property=\"og:image:width\" content=\"301\" \/>\n\t<meta property=\"og:image:height\" content=\"301\" \/>\n\t<meta property=\"og:image:type\" content=\"image\/jpeg\" \/>\n<meta name=\"twitter:card\" content=\"summary_large_image\" \/>\n<meta name=\"twitter:label1\" content=\"Gesch\u00e4tzte Lesezeit\" \/>\n\t<meta name=\"twitter:data1\" content=\"2\u00a0Minuten\" \/>\n<script type=\"application\/ld+json\" class=\"yoast-schema-graph\">{\"@context\":\"https:\\\/\\\/schema.org\",\"@graph\":[{\"@type\":\"WebPage\",\"@id\":\"https:\\\/\\\/heimathub.de\\\/event\\\/enthuellung-der-elisabeth-dering-ehrenplakette\\\/\",\"url\":\"https:\\\/\\\/heimathub.de\\\/event\\\/enthuellung-der-elisabeth-dering-ehrenplakette\\\/\",\"name\":\"Enth\u00fcllung der Elisabeth Dering Ehrenplakette - heimat:hub\",\"isPartOf\":{\"@id\":\"https:\\\/\\\/heimathub.de\\\/#website\"},\"primaryImageOfPage\":{\"@id\":\"https:\\\/\\\/heimathub.de\\\/event\\\/enthuellung-der-elisabeth-dering-ehrenplakette\\\/#primaryimage\"},\"image\":{\"@id\":\"https:\\\/\\\/heimathub.de\\\/event\\\/enthuellung-der-elisabeth-dering-ehrenplakette\\\/#primaryimage\"},\"thumbnailUrl\":\"https:\\\/\\\/heimathub.de\\\/wp-content\\\/uploads\\\/2024\\\/02\\\/0a.jpg\",\"datePublished\":\"2024-02-27T11:11:26+00:00\",\"dateModified\":\"2024-03-05T15:10:27+00:00\",\"breadcrumb\":{\"@id\":\"https:\\\/\\\/heimathub.de\\\/event\\\/enthuellung-der-elisabeth-dering-ehrenplakette\\\/#breadcrumb\"},\"inLanguage\":\"de\",\"potentialAction\":[{\"@type\":\"ReadAction\",\"target\":[\"https:\\\/\\\/heimathub.de\\\/event\\\/enthuellung-der-elisabeth-dering-ehrenplakette\\\/\"]}]},{\"@type\":\"ImageObject\",\"inLanguage\":\"de\",\"@id\":\"https:\\\/\\\/heimathub.de\\\/event\\\/enthuellung-der-elisabeth-dering-ehrenplakette\\\/#primaryimage\",\"url\":\"https:\\\/\\\/heimathub.de\\\/wp-content\\\/uploads\\\/2024\\\/02\\\/0a.jpg\",\"contentUrl\":\"https:\\\/\\\/heimathub.de\\\/wp-content\\\/uploads\\\/2024\\\/02\\\/0a.jpg\",\"width\":301,\"height\":301,\"caption\":\"Elisabeth Dering\"},{\"@type\":\"BreadcrumbList\",\"@id\":\"https:\\\/\\\/heimathub.de\\\/event\\\/enthuellung-der-elisabeth-dering-ehrenplakette\\\/#breadcrumb\",\"itemListElement\":[{\"@type\":\"ListItem\",\"position\":1,\"name\":\"Startseite\",\"item\":\"https:\\\/\\\/heimathub.de\\\/\"},{\"@type\":\"ListItem\",\"position\":2,\"name\":\"Veranstaltungen\",\"item\":\"https:\\\/\\\/heimathub.de\\\/events\\\/\"},{\"@type\":\"ListItem\",\"position\":3,\"name\":\"Enth\u00fcllung der Elisabeth Dering Ehrenplakette\"}]},{\"@type\":\"WebSite\",\"@id\":\"https:\\\/\\\/heimathub.de\\\/#website\",\"url\":\"https:\\\/\\\/heimathub.de\\\/\",\"name\":\"heimat:hub\",\"description\":\"\",\"potentialAction\":[{\"@type\":\"SearchAction\",\"target\":{\"@type\":\"EntryPoint\",\"urlTemplate\":\"https:\\\/\\\/heimathub.de\\\/?s={search_term_string}\"},\"query-input\":{\"@type\":\"PropertyValueSpecification\",\"valueRequired\":true,\"valueName\":\"search_term_string\"}}],\"inLanguage\":\"de\"}]}<\/script>\n<!-- \/ Yoast SEO plugin. -->","yoast_head_json":{"title":"Enth\u00fcllung der Elisabeth Dering Ehrenplakette - heimat:hub","robots":{"index":"index","follow":"follow","max-snippet":"max-snippet:-1","max-image-preview":"max-image-preview:large","max-video-preview":"max-video-preview:-1"},"canonical":"https:\/\/heimathub.de\/event\/enthuellung-der-elisabeth-dering-ehrenplakette\/","og_locale":"de_DE","og_type":"article","og_title":"Enth\u00fcllung der Elisabeth Dering Ehrenplakette - heimat:hub","og_description":"Auftakt um 14.00 Uhr im Schloss Johannisburg, Aschaffenburg Ausstellung \u201eElisabeth Dering, Portr\u00e4tmalerei\u201c Programm: Begr\u00fc\u00dfung und Vorstellung der Initiative FrauenMachenGeschichte Dr. Anika Magath Ansprache zu Elisabeth Dering, K\u00fcnstlerin des 20. Jahrhunderts [&hellip;]","og_url":"https:\/\/heimathub.de\/event\/enthuellung-der-elisabeth-dering-ehrenplakette\/","og_site_name":"heimat:hub","article_modified_time":"2024-03-05T15:10:27+00:00","og_image":[{"width":301,"height":301,"url":"https:\/\/heimathub.de\/wp-content\/uploads\/2024\/02\/0a.jpg","type":"image\/jpeg"}],"twitter_card":"summary_large_image","twitter_misc":{"Gesch\u00e4tzte Lesezeit":"2\u00a0Minuten"},"schema":{"@context":"https:\/\/schema.org","@graph":[{"@type":"WebPage","@id":"https:\/\/heimathub.de\/event\/enthuellung-der-elisabeth-dering-ehrenplakette\/","url":"https:\/\/heimathub.de\/event\/enthuellung-der-elisabeth-dering-ehrenplakette\/","name":"Enth\u00fcllung der Elisabeth Dering Ehrenplakette - heimat:hub","isPartOf":{"@id":"https:\/\/heimathub.de\/#website"},"primaryImageOfPage":{"@id":"https:\/\/heimathub.de\/event\/enthuellung-der-elisabeth-dering-ehrenplakette\/#primaryimage"},"image":{"@id":"https:\/\/heimathub.de\/event\/enthuellung-der-elisabeth-dering-ehrenplakette\/#primaryimage"},"thumbnailUrl":"https:\/\/heimathub.de\/wp-content\/uploads\/2024\/02\/0a.jpg","datePublished":"2024-02-27T11:11:26+00:00","dateModified":"2024-03-05T15:10:27+00:00","breadcrumb":{"@id":"https:\/\/heimathub.de\/event\/enthuellung-der-elisabeth-dering-ehrenplakette\/#breadcrumb"},"inLanguage":"de","potentialAction":[{"@type":"ReadAction","target":["https:\/\/heimathub.de\/event\/enthuellung-der-elisabeth-dering-ehrenplakette\/"]}]},{"@type":"ImageObject","inLanguage":"de","@id":"https:\/\/heimathub.de\/event\/enthuellung-der-elisabeth-dering-ehrenplakette\/#primaryimage","url":"https:\/\/heimathub.de\/wp-content\/uploads\/2024\/02\/0a.jpg","contentUrl":"https:\/\/heimathub.de\/wp-content\/uploads\/2024\/02\/0a.jpg","width":301,"height":301,"caption":"Elisabeth Dering"},{"@type":"BreadcrumbList","@id":"https:\/\/heimathub.de\/event\/enthuellung-der-elisabeth-dering-ehrenplakette\/#breadcrumb","itemListElement":[{"@type":"ListItem","position":1,"name":"Startseite","item":"https:\/\/heimathub.de\/"},{"@type":"ListItem","position":2,"name":"Veranstaltungen","item":"https:\/\/heimathub.de\/events\/"},{"@type":"ListItem","position":3,"name":"Enth\u00fcllung der Elisabeth Dering Ehrenplakette"}]},{"@type":"WebSite","@id":"https:\/\/heimathub.de\/#website","url":"https:\/\/heimathub.de\/","name":"heimat:hub","description":"","potentialAction":[{"@type":"SearchAction","target":{"@type":"EntryPoint","urlTemplate":"https:\/\/heimathub.de\/?s={search_term_string}"},"query-input":{"@type":"PropertyValueSpecification","valueRequired":true,"valueName":"search_term_string"}}],"inLanguage":"de"}]}},"ticketed":false,"_links":{"self":[{"href":"https:\/\/heimathub.de\/data\/wp\/v2\/tribe_events\/12507","targetHints":{"allow":["GET"]}}],"collection":[{"href":"https:\/\/heimathub.de\/data\/wp\/v2\/tribe_events"}],"about":[{"href":"https:\/\/heimathub.de\/data\/wp\/v2\/types\/tribe_events"}],"author":[{"embeddable":true,"href":"https:\/\/heimathub.de\/data\/wp\/v2\/users\/22"}],"version-history":[{"count":4,"href":"https:\/\/heimathub.de\/data\/wp\/v2\/tribe_events\/12507\/revisions"}],"predecessor-version":[{"id":12518,"href":"https:\/\/heimathub.de\/data\/wp\/v2\/tribe_events\/12507\/revisions\/12518"}],"wp:featuredmedia":[{"embeddable":true,"href":"https:\/\/heimathub.de\/data\/wp\/v2\/media\/12516"}],"wp:attachment":[{"href":"https:\/\/heimathub.de\/data\/wp\/v2\/media?parent=12507"}],"wp:term":[{"taxonomy":"post_tag","embeddable":true,"href":"https:\/\/heimathub.de\/data\/wp\/v2\/tags?post=12507"},{"taxonomy":"tribe_events_cat","embeddable":true,"href":"https:\/\/heimathub.de\/data\/wp\/v2\/tribe_events_cat?post=12507"}],"curies":[{"name":"wp","href":"https:\/\/api.w.org\/{rel}","templated":true}]}}

Enthüllung der Elisabeth Dering Ehrenplakette

<p>Auftakt um 14.00 Uhr im Schloss Johannisburg, Aschaffenburg<br />
Ausstellung „Elisabeth Dering, Porträtmalerei“</p>
<h3>Programm:</h3>
<ul>
<li>Begrüßung und Vorstellung der Initiative FrauenMachenGeschichte<br />
Dr. Anika Magath</li>
<li>Ansprache zu Elisabeth Dering, Künstlerin des 20. Jahrhunderts der Stadt Aschaffenburg<br />
Anne Hundhausen</li>
<li>Ortswechsel: Karlstraße 1a, Enthüllung der Plakette am Wohnhaus der Künstlerin Elisabeth Dering-Schunk</li>
<li>Sektausschank und musikalische Begleitung</li>
</ul>
<p><strong>Elisabeth Dering:</strong><br />
Die Malerin, Galeristin und Pädagogin Elisabeth Dering (25.3.1921 Husum – 5.12.1997 Aschaffenburg) studierte an der Akademie der Künste in München. 1954 kommt sie über ihren Mann nach Aschaffenburg und eröffnet in der Dalbergstraße, später in der Karlstraße ihr Atelier. Der auch als Galerie und Malschule genutzte Standort wird schnell zum Zentrum für Kunstinteressierte.<br />
Sie malt im Stil des Spätexpressionismus ihre Umgebung; Landschaften, Stadtansichten, Stillleben, Tierdarstellungen und hält viele Aschaffenburger: innen in Porträtbildern fest. Werke von ihr, darunter auch Zeichnungen und Druckgrafik, sind im Besitz der Städtischen Museen.</p>
<p><strong>FrauenMachenGeschichte:</strong><br />
Denkmalprojekt für die Sichtbarkeit historischer Frauen im Stadtbild von Aschaffenburg. Initiative von Anne Hundhausen, Dr. Anika Magath, Rosi Ruf und Dr. Monika Schmittner.</p>
<p><strong>Bisherige Ehrenplaketten:</strong><br />
2023 Grete Pierenkämper, Ballettmeisterin, Stadttheater/Karlsplatz<br />
2022 Auguste Haarländer, Dichterin, Würzburger Straße 18</p>
<p>Mit freundlicher Unterstützung: Museen der Stadt Aschaffenburg, Zonta Club Aschaffenburg, Weinstube Kitz</p>

<p>Auftakt um 14.00 Uhr im Schloss Johannisburg, Aschaffenburg Ausstellung „Elisabeth Dering, Porträtmalerei“ Programm: Begrüßung und Vorstellung der Initiative FrauenMachenGeschichte Dr. Anika Magath Ansprache zu Elisabeth Dering, Künstlerin des 20. Jahrhunderts [&hellip;]</p>

<!-- This site is optimized with the Yoast SEO plugin v27.4 - https://yoast.com/product/yoast-seo-wordpress/ -->
<title>Enthüllung der Elisabeth Dering Ehrenplakette - heimat:hub</title>
<meta name="robots" content="index, follow, max-snippet:-1, max-image-preview:large, max-video-preview:-1" />
<link rel="canonical" href="https://heimathub.de/event/enthuellung-der-elisabeth-dering-ehrenplakette/" />
<meta property="og:locale" content="de_DE" />
<meta property="og:type" content="article" />
<meta property="og:title" content="Enthüllung der Elisabeth Dering Ehrenplakette - heimat:hub" />
<meta property="og:description" content="Auftakt um 14.00 Uhr im Schloss Johannisburg, Aschaffenburg Ausstellung „Elisabeth Dering, Porträtmalerei“ Programm: Begrüßung und Vorstellung der Initiative FrauenMachenGeschichte Dr. Anika Magath Ansprache zu Elisabeth Dering, Künstlerin des 20. Jahrhunderts [&hellip;]" />
<meta property="og:url" content="https://heimathub.de/event/enthuellung-der-elisabeth-dering-ehrenplakette/" />
<meta property="og:site_name" content="heimat:hub" />
<meta property="article:modified_time" content="2024-03-05T15:10:27+00:00" />
<meta property="og:image" content="https://heimathub.de/wp-content/uploads/2024/02/0a.jpg" />
	<meta property="og:image:width" content="301" />
	<meta property="og:image:height" content="301" />
	<meta property="og:image:type" content="image/jpeg" />
<meta name="twitter:card" content="summary_large_image" />
<meta name="twitter:label1" content="Geschätzte Lesezeit" />
	<meta name="twitter:data1" content="2 Minuten" />
<script type="application/ld+json" class="yoast-schema-graph">{"@context":"https:\/\/schema.org","@graph":[{"@type":"WebPage","@id":"https:\/\/heimathub.de\/event\/enthuellung-der-elisabeth-dering-ehrenplakette\/","url":"https:\/\/heimathub.de\/event\/enthuellung-der-elisabeth-dering-ehrenplakette\/","name":"Enthüllung der Elisabeth Dering Ehrenplakette - heimat:hub","isPartOf":{"@id":"https:\/\/heimathub.de\/#website"},"primaryImageOfPage":{"@id":"https:\/\/heimathub.de\/event\/enthuellung-der-elisabeth-dering-ehrenplakette\/#primaryimage"},"image":{"@id":"https:\/\/heimathub.de\/event\/enthuellung-der-elisabeth-dering-ehrenplakette\/#primaryimage"},"thumbnailUrl":"https:\/\/heimathub.de\/wp-content\/uploads\/2024\/02\/0a.jpg","datePublished":"2024-02-27T11:11:26+00:00","dateModified":"2024-03-05T15:10:27+00:00","breadcrumb":{"@id":"https:\/\/heimathub.de\/event\/enthuellung-der-elisabeth-dering-ehrenplakette\/#breadcrumb"},"inLanguage":"de","potentialAction":[{"@type":"ReadAction","target":["https:\/\/heimathub.de\/event\/enthuellung-der-elisabeth-dering-ehrenplakette\/"]}]},{"@type":"ImageObject","inLanguage":"de","@id":"https:\/\/heimathub.de\/event\/enthuellung-der-elisabeth-dering-ehrenplakette\/#primaryimage","url":"https:\/\/heimathub.de\/wp-content\/uploads\/2024\/02\/0a.jpg","contentUrl":"https:\/\/heimathub.de\/wp-content\/uploads\/2024\/02\/0a.jpg","width":301,"height":301,"caption":"Elisabeth Dering"},{"@type":"BreadcrumbList","@id":"https:\/\/heimathub.de\/event\/enthuellung-der-elisabeth-dering-ehrenplakette\/#breadcrumb","itemListElement":[{"@type":"ListItem","position":1,"name":"Startseite","item":"https:\/\/heimathub.de\/"},{"@type":"ListItem","position":2,"name":"Veranstaltungen","item":"https:\/\/heimathub.de\/events\/"},{"@type":"ListItem","position":3,"name":"Enthüllung der Elisabeth Dering Ehrenplakette"}]},{"@type":"WebSite","@id":"https:\/\/heimathub.de\/#website","url":"https:\/\/heimathub.de\/","name":"heimat:hub","description":"","potentialAction":[{"@type":"SearchAction","target":{"@type":"EntryPoint","urlTemplate":"https:\/\/heimathub.de\/?s={search_term_string}"},"query-input":{"@type":"PropertyValueSpecification","valueRequired":true,"valueName":"search_term_string"}}],"inLanguage":"de"}]}</script>
<!-- / Yoast SEO plugin. -->

Enthüllung der Elisabeth Dering Ehrenplakette - heimat:hub

Auftakt um 14.00 Uhr im Schloss Johannisburg, Aschaffenburg Ausstellung „Elisabeth Dering, Porträtmalerei“ Programm: Begrüßung und Vorstellung der Initiative FrauenMachenGeschichte Dr. Anika Magath Ansprache zu Elisabeth Dering, Künstlerin des 20. Jahrhunderts [&hellip;]
